{"id":1755,"date":"2021-03-01T15:04:38","date_gmt":"2021-03-01T14:04:38","guid":{"rendered":"https:\/\/www.hsu-hh.de\/aut\/?page_id=1755"},"modified":"2022-02-01T11:40:59","modified_gmt":"2022-02-01T10:40:59","slug":"entwicklung-von-energiemanagementschnittstellen-fuer-iot-technologien-iot_enrg","status":"publish","type":"page","link":"https:\/\/www.hsu-hh.de\/aut\/forschung\/forschungsthemen\/entwicklung-von-energiemanagementschnittstellen-fuer-iot-technologien-iot_enrg","title":{"rendered":"Entwicklung von Energiemanagementschnittstellen f\u00fcr IoT-Technologien (IoT_EnRG)"},"content":{"rendered":"\n<figure class=\"wp-block-image size-large is-resized\"><img loading=\"lazy\" decoding=\"async\" src=\"https:\/\/www.hsu-hh.de\/aut\/wp-content\/uploads\/sites\/670\/2021\/03\/IoT.png\" data-credit=\"\" alt=\"\" class=\"wp-image-1756\" width=\"146\" height=\"63\" \/><\/figure>\n\n\n\n<p><br>Bedingt durch die Klima- und Energiepolitik ist die Industrie gezwungen, die eigenen Treibhausgasemissionen zu senken, vermehrt auf erneuerbare Energietr\u00e4ger zu setzen und die Energieeffizienz der Produktion zu verbessern. Besonders f\u00fcr die Aufgabe der Energieeffizienzsteigerung stellt sich die Frage, wie die energieeffiziente Fertigung der Industrie von morgen aussehen kann?<\/p>\n\n\n\n<p>Hier setzt das Forschungsprojekt \u201eIoT_EnRG\u201c an. In dem durch das vom Bundesministerium f\u00fcr Wirtschaft und Energie gef\u00f6rderten Projekt werden neue Schnittstellen f\u00fcr IoT_Technologien entwickelt. Mit Hilfe dieser neuen Schnittstellen ist es m\u00f6glich, Energiedaten der Feldebene bis in das auf der Betriebsleitebene verortete technische Energiemanagementsystem (tEnMS) zu bef\u00f6rdern [Nie20]. <br><br>Die Besonderheit dabei ist, dass die bestehenden Strukturen eines Automatisierungssystems genutzt werden k\u00f6nnen, ohne dass ein paralleles System zur Messung von Energiedaten zu dem schon bestehenden Automatisierungssystem installiert werden m\u00fcsste. Somit werden nicht nur Ressourcen geschont, sondern auch Kosten f\u00fcr die Errichtung von zus\u00e4tzlichen Systemen eingespart. Mit Hilfe der Energiedaten kann der Betrieb des automatisierungstechnischen Systems dahingehend \u00fcberpr\u00fcft werden, ob der Energieeinsatz f\u00fcr die Sensoren und Aktoren effizient ist. Sollte dies situationsbedingt (z.B. fehlendes Material an einer Fertigungsstra\u00dfe = Stillstand) nicht der Fall sein, besteht die M\u00f6glichkeit, mittels eines Lastmanagements aktiv in das Automatisierungssystem einzugreifen und den Betrieb von Komponenten zu beeinflussen. Das Lastmanagement kann Komponenten der Produktion herunterfahren oder in einen Standby-Modus versetzen, wodurch der Energiebedarf der Industrie weiter gesenkt wird und die Produktion somit noch effizienter wird.<\/p>\n\n\n\n<figure class=\"wp-block-image size-large is-resized\"><img loading=\"lazy\" decoding=\"async\" src=\"https:\/\/www.hsu-hh.de\/aut\/wp-content\/uploads\/sites\/670\/2021\/03\/IoT_grafik.png\" data-credit=\"\" alt=\"\" class=\"wp-image-1757\" width=\"308\" height=\"249\" \/><\/figure>\n\n\n\n<p><strong>IGF Vorhaben Nr.:<\/strong> 21329 N (<a href=\"https:\/\/www.fv-elektrotechnik.de\/aktuelle-vorhaben\" rel='nofollow'>https:\/\/www.fv-elektrotechnik.de\/aktuelle-vorhaben<\/a>)<br><br><strong>Bearbeitet durch:<\/strong> <a href=\"https:\/\/www.hsu-hh.de\/aut\/team\" data-type=\"URL\" data-id=\"https:\/\/www.hsu-hh.de\/aut\/team\">M.Sc. Leif-Thore Reiche<\/a><\/p>\n\n\n\n<p><strong>Kooperierende Forschungseinrichtung: <\/strong>Hochschule Hannover<\/p>\n\n\n\n<p><strong>Projektpartner:<\/strong> Siemens, KROHNE, KUNBUS, WAGO, MURR Elektronik, Technologie Management Gruppe, FESTO, motrona, ESR Pollmeier, HARTING, Dietz Automation, GEM\u00dc<\/p>\n\n\n\n<p><strong>Gesamtprojektlaufzeit:<\/strong> 2020 &#8211; 2023<\/p>\n\n\n\n<p><strong>Quellen:<\/strong> [Nie20] K.-H. Niemann, W. Andreas: <em>Potenziale von PROFIenergy in der Prozessindustrie, <\/em>2020.<\/p>\n\n\n\n<p><strong>Weiterf\u00fchrende Links:<\/strong> <a href=\"https:\/\/www.hs-hannover.de\/forschung\/forschungsfinder-forschungsprojekte\/forschungsfinder\/projekt\/400\/\" data-type=\"URL\" data-id=\"https:\/\/www.hs-hannover.de\/forschung\/forschungsfinder-forschungsprojekte\/forschungsfinder\/projekt\/400\/\" rel='nofollow'>https:\/\/www.hs-hannover.de\/forschung\/forschungsfinder-forschungsprojekte\/forschungsfinder\/projekt\/400\/<\/a><br><\/p>\n\n\n\n<figure class=\"wp-block-image size-large is-resized\"><img loading=\"lazy\" decoding=\"async\" src=\"https:\/\/www.hsu-hh.de\/aut\/wp-content\/uploads\/sites\/670\/2021\/12\/BMWi_Fz_2017_Office_Farbe_de-3-995x1024.png\" data-credit=\"\" alt=\"\" class=\"wp-image-2761\" width=\"191\" height=\"196\" srcset=\"https:\/\/www.hsu-hh.de\/aut\/wp-content\/uploads\/sites\/670\/2021\/12\/BMWi_Fz_2017_Office_Farbe_de-3-995x1024.png 995w, https:\/\/www.hsu-hh.de\/aut\/wp-content\/uploads\/sites\/670\/2021\/12\/BMWi_Fz_2017_Office_Farbe_de-3-291x300.png 291w, https:\/\/www.hsu-hh.de\/aut\/wp-content\/uploads\/sites\/670\/2021\/12\/BMWi_Fz_2017_Office_Farbe_de-3-768x791.png 768w, https:\/\/www.hsu-hh.de\/aut\/wp-content\/uploads\/sites\/670\/2021\/12\/BMWi_Fz_2017_Office_Farbe_de-3-1100x1132.png 1100w, https:\/\/www.hsu-hh.de\/aut\/wp-content\/uploads\/sites\/670\/2021\/12\/BMWi_Fz_2017_Office_Farbe_de-3.png 1360w\" sizes=\"auto, (max-width: 191px) 100vw, 191px\" \/><\/figure>\n\n\n\n<p><\/p>\n","protected":false},"excerpt":{"rendered":"<p>Bedingt durch die Klima- und Energiepolitik ist die Industrie gezwungen, die eigenen Treibhausgasemissionen zu senken, vermehrt auf erneuerbare Energietr\u00e4ger zu setzen und die Energieeffizienz der Produktion zu verbessern. Besonders f\u00fcr [&hellip;]<\/p>\n","protected":false},"author":66,"featured_media":0,"parent":164,"menu_order":0,"comment_status":"closed","ping_status":"closed","template":"","meta":{"footnotes":""},"categories":[4],"tags":[],"class_list":["post-1755","page","type-page","status-publish","hentry","category-forschung"],"_links":{"self":[{"href":"https:\/\/www.hsu-hh.de\/aut\/wp-json\/wp\/v2\/pages\/1755","targetHints":{"allow":["GET"]}}],"collection":[{"href":"https:\/\/www.hsu-hh.de\/aut\/wp-json\/wp\/v2\/pages"}],"about":[{"href":"https:\/\/www.hsu-hh.de\/aut\/wp-json\/wp\/v2\/types\/page"}],"author":[{"embeddable":true,"href":"https:\/\/www.hsu-hh.de\/aut\/wp-json\/wp\/v2\/users\/66"}],"replies":[{"embeddable":true,"href":"https:\/\/www.hsu-hh.de\/aut\/wp-json\/wp\/v2\/comments?post=1755"}],"version-history":[{"count":7,"href":"https:\/\/www.hsu-hh.de\/aut\/wp-json\/wp\/v2\/pages\/1755\/revisions"}],"predecessor-version":[{"id":2906,"href":"https:\/\/www.hsu-hh.de\/aut\/wp-json\/wp\/v2\/pages\/1755\/revisions\/2906"}],"up":[{"embeddable":true,"href":"https:\/\/www.hsu-hh.de\/aut\/wp-json\/wp\/v2\/pages\/164"}],"wp:attachment":[{"href":"https:\/\/www.hsu-hh.de\/aut\/wp-json\/wp\/v2\/media?parent=1755"}],"wp:term":[{"taxonomy":"category","embeddable":true,"href":"https:\/\/www.hsu-hh.de\/aut\/wp-json\/wp\/v2\/categories?post=1755"},{"taxonomy":"post_tag","embeddable":true,"href":"https:\/\/www.hsu-hh.de\/aut\/wp-json\/wp\/v2\/tags?post=1755"}],"curies":[{"name":"wp","href":"https:\/\/api.w.org\/{rel}","templated":true}]}}