{"id":1745,"date":"2021-02-26T09:54:33","date_gmt":"2021-02-26T08:54:33","guid":{"rendered":"https:\/\/www.hsu-hh.de\/aut\/?page_id=1745"},"modified":"2021-12-13T12:10:05","modified_gmt":"2021-12-13T11:10:05","slug":"daten-und-prozessbasierte-zustandsermittlung-fuer-eine-wertorientierte-komponentenbewirtschaftung-in-imperfekter-umgebung-daproko","status":"publish","type":"page","link":"https:\/\/www.hsu-hh.de\/aut\/daten-und-prozessbasierte-zustandsermittlung-fuer-eine-wertorientierte-komponentenbewirtschaftung-in-imperfekter-umgebung-daproko","title":{"rendered":"Daten- und prozessbasierte Zustandsermittlung f\u00fcr eine wertorientierte Komponentenbewirtschaftung in imperfekter Umgebung (DaProKo)"},"content":{"rendered":"\n<p>Daten \u00fcber Komponenten von Luftfahrtzeugen sind aufgrund inhomogener Datenquellen, limitierter Sensorik und weltweit durchgef\u00fchrter Eingriffe qualitativ sehr uneinheitlich. Ziel des Projektes DaProKo ist es daher, in Anbetracht dieser imperfekten Umgebung, durch Schaffung eines datenbasierten Services zum Component Spotting, einen Beitrag zur leistungsf\u00e4higen und effizienten Luftfahrt zu leisten, der es Airlines erm\u00f6glicht, ihre Betriebsabl\u00e4ufe und folglich ihre Transportleistung und Passagierzufriedenheit zu optimieren.<br><br>Auftrag der HSU ist es, eine Methodik zu erforschen, mit der die Informationsqualit\u00e4t der Daten modelliert und evaluiert werden kann. Aufbauend darauf wird untersucht, ob und wie die identifizierten Informationen unter Ber\u00fccksichtigung von Prozessmodellen und Informationsqualit\u00e4ten einheitlich und semantisch beschrieben werden k\u00f6nnen, um ein analysefreundliches Informationsmodell zu erarbeiten.<br><br>Das Projekt beruht auf einer partnerschaftlichen Zusammenarbeit zwischen Lufthansa Technik AG (LHT) und HSU. LHT wird im Projekt die Rolle des Koordinators \u00fcbernehmen und stellt dabei die Daten (inkl. Prozessbeschreibungen) sowie das relevante Know\u2010How zur Verf\u00fcgung. Der Unterauftragnehmer, Lufthansa Industry Solutions AS, der LHT konzeptioniert und entwickelt zusammen mit dem Unterauftragnehmer der LHT, CIPHRON GmbH, die Experimentalplattform des Component Spottings. CIPHRON GmbH bringt dabei Know-How hinsichtlich IT-Architektur und IT-Security ein. Der Unterauftragnehmer der LHT, das Zuse Institut Berlin, wird wissenschaftliche L\u00f6sungsans\u00e4tze zum Umgang mit Unsicherheit und Unsch\u00e4rfe im Kontext KI-basierter Algorithmen entwickeln.<\/p>\n\n\n\n<p>Projektlaufzeit: 01.08.2020 \u2013 31.07.2023<br><br>Ansprechpartner: <a href=\"https:\/\/www.hsu-hh.de\/aut\/team\" data-type=\"URL\" data-id=\"https:\/\/www.hsu-hh.de\/aut\/team\">MBA B. Eng. Maximilian Rappl<\/a>, <a href=\"https:\/\/www.hsu-hh.de\/aut\/team\" data-type=\"URL\" data-id=\"https:\/\/www.hsu-hh.de\/aut\/team\">M.Sc. David Winkler<\/a><\/p>\n\n\n\n<p>Dieses Projekt wird gef\u00f6rdert vom<\/p>\n\n\n\n<figure class=\"wp-block-image size-large is-resized\"><img loading=\"lazy\" decoding=\"async\" src=\"https:\/\/www.hsu-hh.de\/aut\/wp-content\/uploads\/sites\/670\/2021\/12\/BMWi_Fz_2017_Office_Farbe_de-6-995x1024.png\" data-credit=\"\" alt=\"\" class=\"wp-image-2767\" width=\"190\" height=\"195\" srcset=\"https:\/\/www.hsu-hh.de\/aut\/wp-content\/uploads\/sites\/670\/2021\/12\/BMWi_Fz_2017_Office_Farbe_de-6-995x1024.png 995w, https:\/\/www.hsu-hh.de\/aut\/wp-content\/uploads\/sites\/670\/2021\/12\/BMWi_Fz_2017_Office_Farbe_de-6-291x300.png 291w, https:\/\/www.hsu-hh.de\/aut\/wp-content\/uploads\/sites\/670\/2021\/12\/BMWi_Fz_2017_Office_Farbe_de-6-768x791.png 768w, https:\/\/www.hsu-hh.de\/aut\/wp-content\/uploads\/sites\/670\/2021\/12\/BMWi_Fz_2017_Office_Farbe_de-6-1100x1132.png 1100w, https:\/\/www.hsu-hh.de\/aut\/wp-content\/uploads\/sites\/670\/2021\/12\/BMWi_Fz_2017_Office_Farbe_de-6.png 1360w\" sizes=\"auto, (max-width: 190px) 100vw, 190px\" \/><\/figure>\n\n\n\n<p><\/p>\n","protected":false},"excerpt":{"rendered":"<p>Daten \u00fcber Komponenten von Luftfahrtzeugen sind aufgrund inhomogener Datenquellen, limitierter Sensorik und weltweit durchgef\u00fchrter Eingriffe qualitativ sehr uneinheitlich. Ziel des Projektes DaProKo ist es daher, in Anbetracht dieser imperfekten Umgebung, [&hellip;]<\/p>\n","protected":false},"author":66,"featured_media":0,"parent":0,"menu_order":0,"comment_status":"closed","ping_status":"closed","template":"","meta":{"footnotes":""},"categories":[4],"tags":[],"class_list":["post-1745","page","type-page","status-publish","hentry","category-forschung"],"_links":{"self":[{"href":"https:\/\/www.hsu-hh.de\/aut\/wp-json\/wp\/v2\/pages\/1745","targetHints":{"allow":["GET"]}}],"collection":[{"href":"https:\/\/www.hsu-hh.de\/aut\/wp-json\/wp\/v2\/pages"}],"about":[{"href":"https:\/\/www.hsu-hh.de\/aut\/wp-json\/wp\/v2\/types\/page"}],"author":[{"embeddable":true,"href":"https:\/\/www.hsu-hh.de\/aut\/wp-json\/wp\/v2\/users\/66"}],"replies":[{"embeddable":true,"href":"https:\/\/www.hsu-hh.de\/aut\/wp-json\/wp\/v2\/comments?post=1745"}],"version-history":[{"count":3,"href":"https:\/\/www.hsu-hh.de\/aut\/wp-json\/wp\/v2\/pages\/1745\/revisions"}],"predecessor-version":[{"id":2768,"href":"https:\/\/www.hsu-hh.de\/aut\/wp-json\/wp\/v2\/pages\/1745\/revisions\/2768"}],"wp:attachment":[{"href":"https:\/\/www.hsu-hh.de\/aut\/wp-json\/wp\/v2\/media?parent=1745"}],"wp:term":[{"taxonomy":"category","embeddable":true,"href":"https:\/\/www.hsu-hh.de\/aut\/wp-json\/wp\/v2\/categories?post=1745"},{"taxonomy":"post_tag","embeddable":true,"href":"https:\/\/www.hsu-hh.de\/aut\/wp-json\/wp\/v2\/tags?post=1745"}],"curies":[{"name":"wp","href":"https:\/\/api.w.org\/{rel}","templated":true}]}}