{"id":1694,"date":"2021-02-22T09:39:12","date_gmt":"2021-02-22T08:39:12","guid":{"rendered":"https:\/\/www.hsu-hh.de\/aut\/?page_id=1694"},"modified":"2026-02-13T16:00:02","modified_gmt":"2026-02-13T15:00:02","slug":"computergesteuerte-bauteilaufarbeitung-computer-based-refurbishment-core","status":"publish","type":"page","link":"https:\/\/www.hsu-hh.de\/aut\/forschung\/forschungsthemen\/computergesteuerte-bauteilaufarbeitung-computer-based-refurbishment-core","title":{"rendered":"Computergesteuerte Bauteilaufarbeitung (COmputer-based REfurbishment, CORE)"},"content":{"rendered":"\n<p>Das Ziel des Projekts \u201eComputergesteuerte Bauteilaufarbeitung (COmputer-based REfurbishment, CORE)\u201c ist die Etablierung des Kaltgasspritzens zu einer zuverl\u00e4ssigen Reparaturtechnik f\u00fcr individuelle Fehler in hochbeanspruchten Bauteilen, angewendet auf das Beispiel von Komponenten in der Luftfahrt.<br><br>Um die Flugsicherheit nicht zu beeintr\u00e4chtigen, unterliegen hochbeanspruchte Bauteile in der Luftfahrt strengen Anforderungen. Dies umfasst die zu gew\u00e4hrleistende Festigkeit sowie enge Toleranzgrenzen, gegen\u00fcber den im Betrieb auftretenden Sch\u00e4digungen durch Korrosion oder Verschlei\u00df. Regelm\u00e4\u00dfig f\u00fchren schon kleinere Defekte dazu, dass Komponenten ausgemustert und ersetzt werden m\u00fcssen. Durch geeignete Reparaturverfahren k\u00f6nnten diese Komponenten Ressourcen schonend und zu deutlich geringeren Kosten aufgearbeitet werden. Hierzu stellt sich die Technologie des Kaltgasspritzens als ein aussichtsreiches Verfahren dar.<br><br>Im Rahmen der ersten Projektphase (01.01.2021 \u2013 31.12.2024) verfolgte CORE das Ziel, automatisierte Reparaturanwendungen an repr\u00e4sentativen Komponenten von Flugzeugen durch Kaltgasspritzen zu entwickeln. Mittels Einsatzes eines Industrieroboters und der computergest\u00fctzten Planung der Trajektorien war es das Ziel, Bauteile fehlerfrei und spannungsarm aufzuarbeiten, um das geforderte Eigenschaftsprofil genauso zu erf\u00fcllen wie vergleichbare Neuteile. F\u00fcr die Simulation und Offline-Programmierung der Industrieroboter wurde die Software&nbsp;<a href=\"https:\/\/robodk.com\/\" rel='nofollow'><strong>RoboDK<\/strong><\/a>&nbsp;verwendet.<br><\/p>\n\n\n\n<p>In der zweiten Projektphase (01.01.2025 \u2013 31.12.2026) wird die automatisierte Reparaturanwendung um den Einsatz eines Lasers mit Pyrometer erg\u00e4nzt. Durch das pr\u00e4zise Steuern des Lasers soll ein gezielter, lokaler W\u00e4rmeeintrag erm\u00f6glicht werden. Dadurch k\u00f6nnen die Voraussetzungen f\u00fcr die Partikelanhaftung an der zu reparierenden Bauteiloberfl\u00e4che weiter verbessert und die Qualit\u00e4t der Reparatur gesteigert werden.\u00a0<\/p>\n\n\n\n<p><br>CORE wird gef\u00f6rdert vom Zentrum f\u00fcr Digitalisierungs- und Technologieforschung der Bundeswehr (dtec.bw) und hat eine Laufzeit vom 01.01.2021 bis zum 31.12.2026. Die Projektleitung liegt bei dem\u00a0<a href=\"https:\/\/www.hsu-hh.de\/werkstoffkunde\/\"><strong>Institut f\u00fcr Werkstofftechnik<\/strong><\/a>\u00a0(<a href=\"https:\/\/www.hsu-hh.de\/werkstoffkunde\/institutsleitung\/\"><strong><abbr title=\"Universit\u00e4tsprofessor\">Univ.-Prof.<\/abbr>\u00a0<abbr title=\"Doktor\">Dr.<\/abbr>\u2013<abbr title=\"Ingenieur\">Ing.<\/abbr>\u00a0habil.Thomas Klassen<\/strong><\/a>,\u00a0<a href=\"https:\/\/www.hsu-hh.de\/werkstoffkunde\/mitarbeiter\/dr-rer-nat-frank-gaertner\/\"><strong><abbr title=\"Doktor\">Dr.<\/abbr>\u00a0<abbr title=\"rerum\">rer.<\/abbr>\u00a0nat.\u00a0Frank G\u00e4rtner<\/strong><\/a>).<\/p>\n\n\n\n<p><strong>Beteiligte Institute\/Professuren im Hause:<\/strong><br><a href=\"https:\/\/www.hsu-hh.de\/werkstoffkunde\/mitarbeiter\"><strong>Institut f\u00fcr Werkstofftechnik<\/strong><\/a>\u00a0mit den Mitarbeitern\u00a0<a href=\"https:\/\/www.hsu-hh.de\/werkstoffkunde\/mitarbeiter\/dipl-ing-alexander-list\/\"><strong><abbr title=\"Doktor\">Dr.<\/abbr>\u2013<abbr title=\"Ingenieur\">Ing.<\/abbr>\u00a0Alexander List<\/strong><\/a>,\u00a0<a href=\"https:\/\/www.hsu-hh.de\/werkstoffkunde\/mitarbeiter\/dr-ing-hongjian-wu\"><strong><abbr title=\"Doktor\">Dr.<\/abbr>\u2013<abbr title=\"Ingenieur\">Ing.<\/abbr>\u00a0Hongjian Wu<\/strong><\/a>,\u00a0<a href=\"https:\/\/www.hsu-hh.de\/werkstoffkunde\/mitarbeiter\/zahra-arabgolz\"><strong><abbr title=\"Doktor\">Dr.<\/abbr>\u00a0Zahra Arabgol<\/strong><\/a>,\u00a0<a href=\"https:\/\/www.hsu-hh.de\/werkstoffkunde\/mitarbeiter\/m-sc-soeren-nielsen\"><strong><abbr title=\"Master of Science\">M.Sc.<\/abbr>\u00a0S\u00f6ren Nielsen<\/strong><\/a>,\u00a0<a href=\"https:\/\/www.hsu-hh.de\/werkstoffkunde\/mitarbeiter\/m-sc-julio-gutierrez\"><strong><abbr title=\"Master of Science\">M.Sc.<\/abbr>\u00a0Julio Gutierrez<\/strong><\/a>,\u00a0<strong><abbr title=\"Master of Science\">M.Sc.<\/abbr> Luca Klingler<\/strong>\u00a0und\u00a0<a href=\"https:\/\/www.hsu-hh.de\/werkstoffkunde\/wt-mitarbeitende\/m-sc-jim-merlin-manoo-klutta\"><strong>M. Sc.\u00a0Jim Merlin Manoo Klutta<\/strong><\/a>.<br><a href=\"https:\/\/www.hsu-hh.de\/aut\/team\"><strong>Professur f\u00fcr Automatisierungstechnik<\/strong><\/a>\u00a0mit den Mitarbeitern\u00a0<strong>Maximilian Mosig, <abbr title=\"Master of Science\">M.Sc.<\/abbr><\/strong><br><br><strong>Externe Kooperationspartner:<\/strong><\/p>\n\n\n\n<ul class=\"wp-block-list\">\n<li><a href=\"https:\/\/www.airbus.com\/\" rel='nofollow'><strong>Airbus Defence and Space\u00a0<abbr title=\"Gesellschaft mit beschr\u00e4nkter Haftung\">GmbH<\/abbr><\/strong><\/a><\/li>\n\n\n\n<li><a href=\"https:\/\/www.kit.edu\/\" rel='nofollow'><strong>Karlsruher Institut f\u00fcr Technologie<\/strong><\/a><\/li>\n\n\n\n<li><a href=\"https:\/\/www.bam.de\/\" rel='nofollow'><strong>Bundesanstalt f\u00fcr Materialforschung und \u2013pr\u00fcfung<\/strong><\/a><\/li>\n\n\n\n<li><a href=\"http:\/\/hlr.systems\/\" rel='nofollow'><strong>H. Loitz Robotik<\/strong><\/a><\/li>\n\n\n\n<li><a href=\"https:\/\/impact-innovations.com\/\" rel='nofollow'><strong>Impact Innovations\u00a0<abbr title=\"Gesellschaft mit beschr\u00e4nkter Haftung\">GmbH<\/abbr><\/strong><\/a><\/li>\n\n\n\n<li><a href=\"https:\/\/gtt-technologies.de\/\" rel='nofollow'><strong>GTT-Technologies<\/strong><\/a><\/li>\n<\/ul>\n\n\n\n<p><br><strong>Externe Seiten:<\/strong><br>CORE:&nbsp;<a href=\"https:\/\/dtecbw.de\/home\/forschung\/hsu\/projekt-core\/projekt-core\" rel='nofollow'><strong>https:\/\/dtecbw.de\/home\/forschung\/hsu\/projekt-core\/projekt-core<\/strong><\/a><br>dtec.bw:&nbsp;<a href=\"https:\/\/dtecbw.de\/home\" rel='nofollow'><strong>https:\/\/dtecbw.de\/home<\/strong><\/a><br>Dieses Projekt wird gef\u00f6rdert durch das Zentrum f\u00fcr Digitalisierungs- und Technologieforschung der Bundeswehr \u2013&nbsp;<a href=\"http:\/\/www.dtecbw.de\/\" rel='nofollow'><strong>dtec.bw<\/strong><\/a>.<\/p>\n\n\n\n<div class=\"wp-block-columns is-layout-flex wp-container-core-columns-is-layout-9d6595d7 wp-block-columns-is-layout-flex\">\n<div class=\"wp-block-column is-layout-flow wp-block-column-is-layout-flow\" style=\"flex-basis:33.33%\">\n<figure class=\"wp-block-image size-large is-resized\"><img loading=\"lazy\" decoding=\"async\" width=\"1024\" height=\"313\" src=\"https:\/\/www.hsu-hh.de\/aut\/wp-content\/uploads\/sites\/670\/2021\/11\/dtec.bw_Logo_CMYK_komplett-1-1024x313.jpg\" data-credit=\"dtec.bw \" alt=\"dtec.bw Logo\" class=\"wp-image-2680\" style=\"width:285px;height:87px\" srcset=\"https:\/\/www.hsu-hh.de\/aut\/wp-content\/uploads\/sites\/670\/2021\/11\/dtec.bw_Logo_CMYK_komplett-1-1024x313.jpg 1024w, https:\/\/www.hsu-hh.de\/aut\/wp-content\/uploads\/sites\/670\/2021\/11\/dtec.bw_Logo_CMYK_komplett-1-300x92.jpg 300w, https:\/\/www.hsu-hh.de\/aut\/wp-content\/uploads\/sites\/670\/2021\/11\/dtec.bw_Logo_CMYK_komplett-1-768x235.jpg 768w, https:\/\/www.hsu-hh.de\/aut\/wp-content\/uploads\/sites\/670\/2021\/11\/dtec.bw_Logo_CMYK_komplett-1-1536x469.jpg 1536w, https:\/\/www.hsu-hh.de\/aut\/wp-content\/uploads\/sites\/670\/2021\/11\/dtec.bw_Logo_CMYK_komplett-1-1100x336.jpg 1100w, https:\/\/www.hsu-hh.de\/aut\/wp-content\/uploads\/sites\/670\/2021\/11\/dtec.bw_Logo_CMYK_komplett-1.jpg 1944w\" sizes=\"auto, (max-width: 1024px) 100vw, 1024px\" \/><\/figure>\n<\/div>\n\n\n\n<div class=\"wp-block-column is-layout-flow wp-block-column-is-layout-flow\" style=\"flex-basis:66.66%\">\n<figure class=\"wp-block-image size-full is-resized\"><img loading=\"lazy\" decoding=\"async\" width=\"985\" height=\"255\" src=\"https:\/\/www.hsu-hh.de\/aut\/wp-content\/uploads\/sites\/670\/2023\/03\/20230310_Verwendung-des-EU-Logos.jpg\" data-credit=\"Europ\u00e4ische Union (NextGenerationEU)\" alt=\"Logo Finanziert von der Europ\u00e4ischen Union\" class=\"wp-image-3513\" style=\"width:372px;height:96px\" srcset=\"https:\/\/www.hsu-hh.de\/aut\/wp-content\/uploads\/sites\/670\/2023\/03\/20230310_Verwendung-des-EU-Logos.jpg 985w, https:\/\/www.hsu-hh.de\/aut\/wp-content\/uploads\/sites\/670\/2023\/03\/20230310_Verwendung-des-EU-Logos-300x78.jpg 300w, https:\/\/www.hsu-hh.de\/aut\/wp-content\/uploads\/sites\/670\/2023\/03\/20230310_Verwendung-des-EU-Logos-768x199.jpg 768w\" sizes=\"auto, (max-width: 985px) 100vw, 985px\" \/><\/figure>\n<\/div>\n<\/div>\n","protected":false},"excerpt":{"rendered":"<p>Das Ziel des Projekts \u201eComputergesteuerte Bauteilaufarbeitung (COmputer-based REfurbishment, CORE)\u201c ist die Etablierung des Kaltgasspritzens zu einer zuverl\u00e4ssigen Reparaturtechnik f\u00fcr individuelle Fehler in hochbeanspruchten Bauteilen, angewendet auf das Beispiel von Komponenten [&hellip;]<\/p>\n","protected":false},"author":66,"featured_media":0,"parent":164,"menu_order":0,"comment_status":"closed","ping_status":"closed","template":"","meta":{"footnotes":""},"categories":[4],"tags":[],"class_list":["post-1694","page","type-page","status-publish","hentry","category-forschung"],"_links":{"self":[{"href":"https:\/\/www.hsu-hh.de\/aut\/wp-json\/wp\/v2\/pages\/1694","targetHints":{"allow":["GET"]}}],"collection":[{"href":"https:\/\/www.hsu-hh.de\/aut\/wp-json\/wp\/v2\/pages"}],"about":[{"href":"https:\/\/www.hsu-hh.de\/aut\/wp-json\/wp\/v2\/types\/page"}],"author":[{"embeddable":true,"href":"https:\/\/www.hsu-hh.de\/aut\/wp-json\/wp\/v2\/users\/66"}],"replies":[{"embeddable":true,"href":"https:\/\/www.hsu-hh.de\/aut\/wp-json\/wp\/v2\/comments?post=1694"}],"version-history":[{"count":14,"href":"https:\/\/www.hsu-hh.de\/aut\/wp-json\/wp\/v2\/pages\/1694\/revisions"}],"predecessor-version":[{"id":4715,"href":"https:\/\/www.hsu-hh.de\/aut\/wp-json\/wp\/v2\/pages\/1694\/revisions\/4715"}],"up":[{"embeddable":true,"href":"https:\/\/www.hsu-hh.de\/aut\/wp-json\/wp\/v2\/pages\/164"}],"wp:attachment":[{"href":"https:\/\/www.hsu-hh.de\/aut\/wp-json\/wp\/v2\/media?parent=1694"}],"wp:term":[{"taxonomy":"category","embeddable":true,"href":"https:\/\/www.hsu-hh.de\/aut\/wp-json\/wp\/v2\/categories?post=1694"},{"taxonomy":"post_tag","embeddable":true,"href":"https:\/\/www.hsu-hh.de\/aut\/wp-json\/wp\/v2\/tags?post=1694"}],"curies":[{"name":"wp","href":"https:\/\/api.w.org\/{rel}","templated":true}]}}