{"id":546,"date":"2020-06-24T14:43:03","date_gmt":"2020-06-24T12:43:03","guid":{"rendered":"https:\/\/www.hsu-hh.de\/auslandsstud\/?page_id=546"},"modified":"2025-11-28T14:55:25","modified_gmt":"2025-11-28T13:55:25","slug":"bewerbung","status":"publish","type":"page","link":"https:\/\/www.hsu-hh.de\/auslandsstud\/outgoing\/bewerbung","title":{"rendered":"Bewerbung"},"content":{"rendered":"<p>Das <strong>Fristende<\/strong> f\u00fcr Bewerbungen um Austauschvorhaben 2026\/27 ist der <strong>25. Januar 2026<\/strong>. Reichen Sie Ihre Bewerbungsunterlagen bitte als ein zusammengefasstes PDF-Dokument \u00fcber <strong>UniBwHamburgInternationalOffice@bundeswehr.org<\/strong> ein.<\/p>\n<p>Eine \u00dcbersicht aktueller Austauschprogramme findet sich \u00fcber den Direktlink <a href=\"https:\/\/www.hsu-hh.de\/auslandsstud\/wp-content\/uploads\/sites\/767\/2025\/11\/Uebersicht_Austauschprogramme_2025-26.xlsx\">https:\/\/www.hsu-hh.de\/auslandsstud\/wp-content\/uploads\/sites\/767\/2025\/11\/Uebersicht_Austauschprogramme_2025-26.xlsx<\/a> oder im <a href=\"https:\/\/www.hsu-hh.de\/auslandsstud\/downloads\">Downloadbereich.<\/a><\/p>\n<p>Bei eventuellen Nachfragen wenden Sie sich f\u00fcr einen ersten Informationsaustausch bitte per Mail an unsere Outgoing Coordinator, Frau Melissa G\u00fcrsoy unter guersoym@hsu.hamburg<\/p>\n<p>Des Weiteren besteht die M\u00f6glichkeit zur Buchung eines Termins im International Office f\u00fcr ein pers\u00f6nliches Gespr\u00e4ch zum Informationsaustausch und der Besprechung Ihrer individuellen Anliegen und Nachfragen. Nutzen Sie hierf\u00fcr unser Buchungstool auf Ilias (<a href=\"https:\/\/ilias.hsu-hh.de\/ilias.php?ref_id=489961&amp;object_id=7980&amp;cmd=book&amp;cmdClass=ilbookingprocessgui&amp;cmdNode=zm:mq:50:56&amp;baseClass=ilRepositoryGUI\" rel='nofollow'>Terminbuchung<\/a>).<\/p>\n<h3>Bewerbung<\/h3>\n<h3>Voraussetzungen<\/h3>\n<p>Die allgemeinen Voraussetzungen f\u00fcr eine Bewerbung um ein Auslandsstudium beim International Office sind:<\/p>\n<ul>\n<li>\u00fcberdurchschnittliche akademische Leistungen<\/li>\n<li>eine einwandfreie milit\u00e4rische Beurteilung<\/li>\n<li>sehr gute Fremdsprachenkenntnisse<\/li>\n<li>pers\u00f6nliche Eignung<\/li>\n<\/ul>\n<p>Im Regelfall ist das Zeitfenster f\u00fcr ein Auslandsstudium das Herbsttrimester, d.h:<\/p>\n<ul>\n<li>Bachelor-Studium in der Regel das laufende 7. Fachtrimester<\/li>\n<li>Master-Studium in der Regel das laufende 10. (und\/ oder das 11.\/ 12.) Fachtrimester.<\/li>\n<\/ul>\n<p>Da die Semester- und Trimesterzeiten nicht unbedingt parallel liegen, gilt es zu beachten:<\/p>\n<ul>\n<li>Auslandssemester in Australien liegen in der Zeit von Anfang Juli bis Mitte November<\/li>\n<li>Auslandssemester in Nordamerika von Ende August bis Mitte Dezember<\/li>\n<li>Auslandssemester in Europa von September (eventuell vorbereitender Sprachkurs) \/ Oktober bis Januar.<\/li>\n<\/ul>\n<h3>Inhalte der Bewerbung<\/h3>\n<p>Nutzen Sie unseren Leitfaden zur Bewerbung. Dieser ist im International Office auch in gedruckter Form erh\u00e4ltlich. In dieser Brosch\u00fcre finden Sie alle wichtigen Infos rund um die Bewerbung und den Auslandsaufenthalt.<\/p>\n<ol>\n<li>Deckblatt (kreativ gestaltet)<\/li>\n<li>Bewerbungsschreiben: Interesse, Motive, Ziele<\/li>\n<li>Tabellarischer Lebenslauf mit Foto<\/li>\n<li>Aktuelle Leistungs\u00fcbersicht aus dem Studienkonto (CMS)<\/li>\n<li>Empfehlungsschreiben einer Professorin oder eines Professors unter Nutzung <a href=\"https:\/\/www.hsu-hh.de\/auslandsstud\/wp-content\/uploads\/sites\/767\/2018\/01\/Formular-Stellungnahme-Abschluss-2.pdf\">dieses Formulares<\/a> (Tipp: einen Professor w\u00e4hlen, von welchem sp\u00e4ter ein Fach\/F\u00e4cher durch ausl\u00e4ndische F\u00e4cher kompensiert werden sollen)<\/li>\n<li><a href=\"https:\/\/www.hsu-hh.de\/auslandsstud\/wp-content\/uploads\/sites\/767\/2024\/02\/Militaerische_Stellungnahme-Stand_24.10.2023.pdf\">Stellungnahme<\/a> Ihrer milit\u00e4rischen Gruppenleitung<\/li>\n<li>Nachweis der Sprachenkenntnisse (aktuell g\u00fcltiges Englisch-SLP, <abbr title=\"gegebenenfalls\">ggf.<\/abbr> weiterer Fremdsprachenkenntnisse)<\/li>\n<\/ol>\n<p>S\u00e4mtliche Bewerbungsunterlagen sind in elektronischer Form zusammen in einem PDF unter \u201eunibwhamburginternationaloffice@bundeswehr.org\u201c einzureichen!<\/p>\n<h3>Nice to know:<\/h3>\n<p>Es werden im Herbsttrimester Beratungstermine f\u00fcr einen Auslandsaufenthalt vergeben. Es empfiehlt sich, diese zu nutzen. Die Bewerbungsfrist endet immer Ende Januar. K\u00fcmmern Sie sich rechtzeitig im Vorfeld um einen Termin bei Ihrer\/Ihrem Gruppenleiter*in sowie Ihrer\/ Ihrem Professor*in. Tragen Sie Sorge daf\u00fcr, dass <strong>Ihre Bewerbung<\/strong> <strong>fristgerecht und vollst\u00e4ndig (Punkt 1-7)<\/strong> eingereicht wird, ansonsten k\u00f6nnen wir sie leider nicht ber\u00fccksichtigen.<\/p>\n<h3>Auswahlverfahren<\/h3>\n<h3>Verfahren bei Auslandsstudienaufenthalten, Auslandspraktika und Forschungsaufenthalten im Ausland zur Anfertigung von Studien-, Bachelor- und Masterarbeiten<\/h3>\n<p>Der Akademische Senat hat den Leitfaden zum Verfahren f\u00fcr Auslandsstudienvorhaben verabschiedet \u2013 die aktuelle Fassung finden Sie<a href=\"https:\/\/www.hsu-hh.de\/auslandsstud\/downloads\"> hier<\/a>.<\/p>\n<p>Hier sind die einzelnen Verfahrensschritte aufgef\u00fchrt und insbesondere ist das Auswahlverfahren ausf\u00fchrlich dargestellt.<\/p>\n<h3>Fact Sheets Austauschinstitutionen<\/h3>\n<p>Im Folgenden finden Sie eine Auswahl an Fact Sheets zu m\u00f6glichen Austauschinstitutionen zur ersten Orientierung &#8211; die Auswahl wird laufend aktualisiert:<\/p>\n<p>Europa<\/p>\n<div class=\"col-xs-12 downloads-item\">\n<div class=\"row border-line\">\n<div class=\"thumbnail-area\"><img decoding=\"async\" class=\"download-image\" src=\"\/wp-content\/themes\/hsu\/img\/dummy\/downloads_dummy.png\" alt=\"\" \/><\/div>\n<div class=\"text-area\"><span class=\"download-text\">CTU Prag_Fact_Sheet<\/span><\/div>\n<div class=\"download-area\"><a class=\"download-link\" href=\"https:\/\/www.hsu-hh.de\/auslandsstud\/wp-content\/uploads\/sites\/767\/2023\/12\/CTU-Prag.pdf\"><span class=\"download-name\">pdf laden<\/span><span class=\"donwload-icon\"><img decoding=\"async\" class=\"download-icon\" src=\"\/wp-content\/themes\/hsu\/img\/icons\/download_icon.png\" alt=\"download icon\" \/><\/span><span class=\"download-size\">1 MB<\/span><\/a><\/div>\n<\/div>\n<\/div>\n<div class=\"col-xs-12 downloads-item\">\n<div class=\"row border-line\">\n<div class=\"thumbnail-area\"><img decoding=\"async\" class=\"download-image\" src=\"\/wp-content\/themes\/hsu\/img\/dummy\/downloads_dummy.png\" alt=\"\" \/><\/div>\n<div class=\"text-area\"><span class=\"download-text\">Universit\u00e4t Graz_Fact_Sheet <\/span><\/div>\n<div class=\"download-area\"><a class=\"download-link\" href=\"https:\/\/www.hsu-hh.de\/auslandsstud\/wp-content\/uploads\/sites\/767\/2023\/12\/Universitaet-Graz.pdf\"><span class=\"download-name\">pdf laden<\/span><span class=\"donwload-icon\"><img decoding=\"async\" class=\"download-icon\" src=\"\/wp-content\/themes\/hsu\/img\/icons\/download_icon.png\" alt=\"download icon\" \/><\/span><span class=\"download-size\">171 kB<\/span><\/a><\/div>\n<\/div>\n<\/div>\n<div class=\"col-xs-12 downloads-item\">\n<div class=\"row border-line\">\n<div class=\"thumbnail-area\"><img decoding=\"async\" class=\"download-image\" src=\"\/wp-content\/themes\/hsu\/img\/dummy\/downloads_dummy.png\" alt=\"\" \/><\/div>\n<div class=\"text-area\"><span class=\"download-text\">WSU Warschau_Fact_Sheet<\/span><\/div>\n<div class=\"download-area\"><a class=\"download-link\" href=\"https:\/\/www.hsu-hh.de\/auslandsstud\/wp-content\/uploads\/sites\/767\/2023\/12\/WSU-Warsaw-Poland.pdf\"><span class=\"download-name\">pdf laden<\/span><span class=\"donwload-icon\"><img decoding=\"async\" class=\"download-icon\" src=\"\/wp-content\/themes\/hsu\/img\/icons\/download_icon.png\" alt=\"download icon\" \/><\/span><span class=\"download-size\">388 kB<\/span><\/a><\/div>\n<\/div>\n<\/div>\n<div class=\"col-xs-12 downloads-item\">\n<div class=\"row border-line\">\n<div class=\"thumbnail-area\"><img decoding=\"async\" class=\"download-image\" src=\"\/wp-content\/themes\/hsu\/img\/dummy\/downloads_dummy.png\" alt=\"\" \/><\/div>\n<div class=\"text-area\"><span class=\"download-text\">AUB Budapest_Fact_Sheet<\/span><\/div>\n<div class=\"download-area\"><a class=\"download-link\" href=\"https:\/\/www.hsu-hh.de\/auslandsstud\/wp-content\/uploads\/sites\/767\/2023\/12\/AUB-Budapest_factsheet.pdf\"><span class=\"download-name\">pdf laden<\/span><span class=\"donwload-icon\"><img decoding=\"async\" class=\"download-icon\" src=\"\/wp-content\/themes\/hsu\/img\/icons\/download_icon.png\" alt=\"download icon\" \/><\/span><span class=\"download-size\">163 kB<\/span><\/a><\/div>\n<\/div>\n<\/div>\n<div class=\"col-xs-12 downloads-item\">\n<div class=\"row border-line\">\n<div class=\"thumbnail-area\"><img decoding=\"async\" class=\"download-image\" src=\"\/wp-content\/themes\/hsu\/img\/dummy\/downloads_dummy.png\" alt=\"\" \/><\/div>\n<div class=\"text-area\"><span class=\"download-text\">TMA Wien_Fact_Sheet<\/span><\/div>\n<div class=\"download-area\"><a class=\"download-link\" href=\"https:\/\/www.hsu-hh.de\/auslandsstud\/wp-content\/uploads\/sites\/767\/2023\/12\/TMA-Wien_factsheet.pdf\"><span class=\"download-name\">pdf laden<\/span><span class=\"donwload-icon\"><img decoding=\"async\" class=\"download-icon\" src=\"\/wp-content\/themes\/hsu\/img\/icons\/download_icon.png\" alt=\"download icon\" \/><\/span><span class=\"download-size\">464 kB<\/span><\/a><\/div>\n<\/div>\n<\/div>\n<p>Amerika<\/p>\n<div class=\"col-xs-12 downloads-item\">\n<div class=\"row border-line\">\n<div class=\"thumbnail-area\"><img decoding=\"async\" class=\"download-image\" src=\"\/wp-content\/themes\/hsu\/img\/dummy\/downloads_dummy.png\" alt=\"\" \/><\/div>\n<div class=\"text-area\"><span class=\"download-text\">UC Kanada_Fact_Sheet<\/span><\/div>\n<div class=\"download-area\"><a class=\"download-link\" href=\"https:\/\/www.hsu-hh.de\/auslandsstud\/wp-content\/uploads\/sites\/767\/2023\/12\/UC-Kanada_factsheet.pdf\"><span class=\"download-name\">pdf laden<\/span><span class=\"donwload-icon\"><img decoding=\"async\" class=\"download-icon\" src=\"\/wp-content\/themes\/hsu\/img\/icons\/download_icon.png\" alt=\"download icon\" \/><\/span><span class=\"download-size\">247 kB<\/span><\/a><\/div>\n<\/div>\n<\/div>\n<div class=\"col-xs-12 downloads-item\">\n<div class=\"row border-line\">\n<div class=\"thumbnail-area\"><img decoding=\"async\" class=\"download-image\" src=\"\/wp-content\/themes\/hsu\/img\/dummy\/downloads_dummy.png\" alt=\"\" \/><\/div>\n<div class=\"text-area\"><span class=\"download-text\">VIU Kanada_Fact_Sheet<\/span><\/div>\n<div class=\"download-area\"><a class=\"download-link\" href=\"https:\/\/www.hsu-hh.de\/auslandsstud\/wp-content\/uploads\/sites\/767\/2024\/01\/2023_VIU_Factsheet_DE_Web.pdf\"><span class=\"download-name\">pdf laden<\/span><span class=\"donwload-icon\"><img decoding=\"async\" class=\"download-icon\" src=\"\/wp-content\/themes\/hsu\/img\/icons\/download_icon.png\" alt=\"download icon\" \/><\/span><span class=\"download-size\">746 kB<\/span><\/a><\/div>\n<\/div>\n<\/div>\n<div class=\"col-xs-12 downloads-item\">\n<div class=\"row border-line\">\n<div class=\"thumbnail-area\"><img decoding=\"async\" class=\"download-image\" src=\"\/wp-content\/themes\/hsu\/img\/dummy\/downloads_dummy.png\" alt=\"\" \/><\/div>\n<div class=\"text-area\"><span class=\"download-text\">UNCW USA_Fact_Sheet<\/span><\/div>\n<div class=\"download-area\"><a class=\"download-link\" href=\"https:\/\/www.hsu-hh.de\/auslandsstud\/wp-content\/uploads\/sites\/767\/2024\/01\/2024_UNCW_Factsheet_DE_Web.pdf\"><span class=\"download-name\">pdf laden<\/span><span class=\"donwload-icon\"><img decoding=\"async\" class=\"download-icon\" src=\"\/wp-content\/themes\/hsu\/img\/icons\/download_icon.png\" alt=\"download icon\" \/><\/span><span class=\"download-size\">1 MB<\/span><\/a><\/div>\n<\/div>\n<\/div>\n<p>Australien<\/p>\n<div class=\"col-xs-12 downloads-item\">\n<div class=\"row border-line\">\n<div class=\"thumbnail-area\"><img decoding=\"async\" class=\"download-image\" src=\"\/wp-content\/themes\/hsu\/img\/dummy\/downloads_dummy.png\" alt=\"\" \/><\/div>\n<div class=\"text-area\"><span class=\"download-text\">ICMS Sydney_Fact_Sheet<\/span><\/div>\n<div class=\"download-area\"><a class=\"download-link\" href=\"https:\/\/www.hsu-hh.de\/auslandsstud\/wp-content\/uploads\/sites\/767\/2024\/01\/2024_Factsheet_ICMS_DE.pdf\"><span class=\"download-name\">pdf laden<\/span><span class=\"donwload-icon\"><img decoding=\"async\" class=\"download-icon\" src=\"\/wp-content\/themes\/hsu\/img\/icons\/download_icon.png\" alt=\"download icon\" \/><\/span><span class=\"download-size\">1 MB<\/span><\/a><\/div>\n<\/div>\n<\/div>\n<h2>Zum Schluss..<\/h2>\n<p>Seien Sie authentisch!<\/p>\n<p>Zeigen Sie, warum Sie die richtige Person f\u00fcr ein Auslandsstudium sind!<br \/>\nWarum gerade Sie es sind, die oder der unsere Universit\u00e4t gut vertreten kann!<\/p>\n","protected":false},"excerpt":{"rendered":"<p>Das Fristende f\u00fcr Bewerbungen um Austauschvorhaben 2026\/27 ist der 25. Januar 2026. Reichen Sie Ihre Bewerbungsunterlagen bitte als ein zusammengefasstes PDF-Dokument \u00fcber UniBwHamburgInternationalOffice@bundeswehr.org ein. Eine \u00dcbersicht aktueller Austauschprogramme findet sich [&hellip;]<\/p>\n","protected":false},"author":2172,"featured_media":0,"parent":168,"menu_order":1,"comment_status":"closed","ping_status":"closed","template":"","meta":{"footnotes":""},"categories":[120,215],"tags":[221,122,219,217],"class_list":["post-546","page","type-page","status-publish","hentry","category-bewerbung","category-outgoing","tag-auslandsstudium","tag-bewerbung","tag-hsu-studenten","tag-outgoing"],"_links":{"self":[{"href":"https:\/\/www.hsu-hh.de\/auslandsstud\/wp-json\/wp\/v2\/pages\/546","targetHints":{"allow":["GET"]}}],"collection":[{"href":"https:\/\/www.hsu-hh.de\/auslandsstud\/wp-json\/wp\/v2\/pages"}],"about":[{"href":"https:\/\/www.hsu-hh.de\/auslandsstud\/wp-json\/wp\/v2\/types\/page"}],"author":[{"embeddable":true,"href":"https:\/\/www.hsu-hh.de\/auslandsstud\/wp-json\/wp\/v2\/users\/2172"}],"replies":[{"embeddable":true,"href":"https:\/\/www.hsu-hh.de\/auslandsstud\/wp-json\/wp\/v2\/comments?post=546"}],"version-history":[{"count":34,"href":"https:\/\/www.hsu-hh.de\/auslandsstud\/wp-json\/wp\/v2\/pages\/546\/revisions"}],"predecessor-version":[{"id":2633,"href":"https:\/\/www.hsu-hh.de\/auslandsstud\/wp-json\/wp\/v2\/pages\/546\/revisions\/2633"}],"up":[{"embeddable":true,"href":"https:\/\/www.hsu-hh.de\/auslandsstud\/wp-json\/wp\/v2\/pages\/168"}],"wp:attachment":[{"href":"https:\/\/www.hsu-hh.de\/auslandsstud\/wp-json\/wp\/v2\/media?parent=546"}],"wp:term":[{"taxonomy":"category","embeddable":true,"href":"https:\/\/www.hsu-hh.de\/auslandsstud\/wp-json\/wp\/v2\/categories?post=546"},{"taxonomy":"post_tag","embeddable":true,"href":"https:\/\/www.hsu-hh.de\/auslandsstud\/wp-json\/wp\/v2\/tags?post=546"}],"curies":[{"name":"wp","href":"https:\/\/api.w.org\/{rel}","templated":true}]}}