{"id":454,"date":"2020-04-27T15:48:26","date_gmt":"2020-04-27T13:48:26","guid":{"rendered":"https:\/\/www.hsu-hh.de\/auslandsstud\/?page_id=454"},"modified":"2026-01-28T09:35:29","modified_gmt":"2026-01-28T08:35:29","slug":"incoming-2","status":"publish","type":"page","link":"https:\/\/www.hsu-hh.de\/auslandsstud\/incoming-2","title":{"rendered":"Incoming-Mobilit\u00e4t"},"content":{"rendered":"<h2>Allgemeine Informationen zum Austausch<\/h2>\n<p>Wir freuen uns, dass Sie Interesse an einem\u00a0 Aufenthalt an der Helmut-Schmidt-Universit\u00e4t\/ Universit\u00e4t der Bundeswehr Hamburg haben!<\/p>\n<p>Sie sind:<\/p>\n<p>Studierende\/r einer unserer ERASMUS+ Partnerhochschulen im Ausland ?<br \/>\nLehrende\/r oder Mitarbeiter\/in einer unserer ERASMUS+ Partnerhochschulen im Ausland ?<br \/>\nStudierende\/r einer unserer bilateralen Partnerhochschulen in \u00dcbersee ?<br \/>\nFreemover ?<br \/>\nPhD Student ?<br \/>\nDann sind Sie hier genau richtig!<\/p>\n<p>Wir m\u00f6chten Ihnen gerne helfen, Ihren Studierendenaustausch oder Ihre Staff Mobility zu einem unvergesslichen Erlebnis zu machen!<\/p>\n<p>Informationen zu unseren Fakult\u00e4ten, Studieng\u00e4ngen, englischsprachigen Studienf\u00e4chern und anderen akademischen Angelegenheiten finden Sie auf der Seite &#8222;<a href=\"https:\/\/www.hsu-hh.de\/auslandsstud\/incoming-2\/studieninformationen\">Studieninformationen<\/a>&#8222;.<\/p>\n<p>Sie m\u00f6chten wissen, wie das Leben an der <abbr title=\"Helmut-Schmidt-Universit\u00e4t\">HSU<\/abbr>\/UniBw H\u00a0und in Hamburg neben dem Studium aussehen k\u00f6nnte? Dann schauen Sie doch <a href=\"https:\/\/www.hsu-hh.de\/auslandsstud\/incoming-2\/leben-an-der-hsu-und-in-hamburg\">hier <\/a>vorbei.<\/p>\n<p>Fragen zu den Bewerbungsfristen und -verfahren finden Sie <a href=\"https:\/\/www.hsu-hh.de\/auslandsstud\/bewerbung\">hier<\/a>.<\/p>\n<p>F\u00fcr Fragen steht Ihnen unser Team jederzeit gerne zur Verf\u00fcgung!<\/p>\n","protected":false},"excerpt":{"rendered":"<p>Allgemeine Informationen zum Austausch Wir freuen uns, dass Sie Interesse an einem\u00a0 Aufenthalt an der Helmut-Schmidt-Universit\u00e4t\/ Universit\u00e4t der Bundeswehr Hamburg haben! Sie sind: Studierende\/r einer unserer ERASMUS+ Partnerhochschulen im Ausland [&hellip;]<\/p>\n","protected":false},"author":2172,"featured_media":0,"parent":0,"menu_order":0,"comment_status":"closed","ping_status":"closed","template":"","meta":{"footnotes":""},"categories":[4],"tags":[],"class_list":["post-454","page","type-page","status-publish","hentry","category-forschung"],"_links":{"self":[{"href":"https:\/\/www.hsu-hh.de\/auslandsstud\/wp-json\/wp\/v2\/pages\/454","targetHints":{"allow":["GET"]}}],"collection":[{"href":"https:\/\/www.hsu-hh.de\/auslandsstud\/wp-json\/wp\/v2\/pages"}],"about":[{"href":"https:\/\/www.hsu-hh.de\/auslandsstud\/wp-json\/wp\/v2\/types\/page"}],"author":[{"embeddable":true,"href":"https:\/\/www.hsu-hh.de\/auslandsstud\/wp-json\/wp\/v2\/users\/2172"}],"replies":[{"embeddable":true,"href":"https:\/\/www.hsu-hh.de\/auslandsstud\/wp-json\/wp\/v2\/comments?post=454"}],"version-history":[{"count":8,"href":"https:\/\/www.hsu-hh.de\/auslandsstud\/wp-json\/wp\/v2\/pages\/454\/revisions"}],"predecessor-version":[{"id":2678,"href":"https:\/\/www.hsu-hh.de\/auslandsstud\/wp-json\/wp\/v2\/pages\/454\/revisions\/2678"}],"wp:attachment":[{"href":"https:\/\/www.hsu-hh.de\/auslandsstud\/wp-json\/wp\/v2\/media?parent=454"}],"wp:term":[{"taxonomy":"category","embeddable":true,"href":"https:\/\/www.hsu-hh.de\/auslandsstud\/wp-json\/wp\/v2\/categories?post=454"},{"taxonomy":"post_tag","embeddable":true,"href":"https:\/\/www.hsu-hh.de\/auslandsstud\/wp-json\/wp\/v2\/tags?post=454"}],"curies":[{"name":"wp","href":"https:\/\/api.w.org\/{rel}","templated":true}]}}