{"id":412,"date":"2020-04-27T14:28:44","date_gmt":"2020-04-27T12:28:44","guid":{"rendered":"https:\/\/www.hsu-hh.de\/auslandsstud\/?page_id=412"},"modified":"2025-09-25T13:22:29","modified_gmt":"2025-09-25T11:22:29","slug":"partnereinrichtungen","status":"publish","type":"page","link":"https:\/\/www.hsu-hh.de\/auslandsstud\/startseite\/partnereinrichtungen","title":{"rendered":"Partnereinrichtungen und Erfahrungsberichte"},"content":{"rendered":"\n<h2 class=\"wp-block-heading\"><\/h2>\n\n\n\n<p>Die <abbr title=\"Helmut-Schmidt-Universit\u00e4t\">HSU<\/abbr>\/UniBw H kooperiert derzeit mit 42 Partnern in Europa und \u00dcbersee. Hier finden Sie eine kurze Auflistung unserer Partner. Eine \u00dcbersicht \u00fcber alle <strong>aktuellen Austauschprogramme und aktuell bestehender Austauschvertr\u00e4ge<\/strong>\u00a0f\u00fcr Outgoing-Mobilit\u00e4ten unserer Studierenden finden Sie in unserem <a href=\"https:\/\/www.hsu-hh.de\/auslandsstud\/downloads\">Downloadbereich.\u00a0<\/a><\/p>\n\n\n\n<p>\u00dcber die Verlinkung im Namen der Universit\u00e4ten gelangen Sie auf den jeweiligen Internetauftritt der angegebenen Institution.<\/p>\n\n\n\n<p>Des Weiteren finden Sie im Folgenden einen Link (Ilias) zu den Erfahrungsberichten Ihrer Kameraden, die in den vergangenen Jahren ein Austauschprogramm absolviert haben. Sammeln Sie ein paar Eindr\u00fccke und erfahren sie aus erster Hand, wie ein Aufenthalt an einer unserer Partneruniversit\u00e4ten aussieht und welche Besonderheiten es vielleicht gibt. Gerne stellen wir auch pers\u00f6nliche Kontakt zu Studenten auf, die an Ihrer Wunschuniversit\u00e4t waren, damit Sie weitere Fragen stellen k\u00f6nnen.<\/p>\n\n\n\n<div class=\"wp-block-columns is-layout-flex wp-container-core-columns-is-layout-9d6595d7 wp-block-columns-is-layout-flex\">\n<div class=\"wp-block-column is-layout-flow wp-block-column-is-layout-flow\">\n<p><strong>Erasmus+ Partnerschaften mit zivilen Hochschulen<\/strong><\/p>\n\n\n\n<ul class=\"wp-block-list\">\n<li><a href=\"https:\/\/www.ensta-bretagne.fr\/fr\" rel='nofollow'>\u00c9cole Nationale Sup\u00e9rieure de Techniques Avanc\u00e9es (ENSTA) Bretagne, Frankreich<\/a><\/li>\n\n\n\n<li><a href=\"https:\/\/en.icam.fr\/\" rel='nofollow'>L&#8217;\u00e9cole d&#8217;ing\u00e9nieurs ICAM Strasbourg-Europe (ehemals ECAM), Frankreich<\/a><\/li>\n\n\n\n<li><a href=\"https:\/\/www.uca.fr\/en\" rel='nofollow'>Universit\u00e9 Clermont Auvergne, Frankreich<\/a><\/li>\n\n\n\n<li><a href=\"https:\/\/www.panteion.gr\/en\/\" rel='nofollow'>Panteion University of Social and Political Sciences, Griechenland<\/a><\/li>\n\n\n\n<li><a href=\"https:\/\/www.unifi.it\/changelang-eng.html\" rel='nofollow'>Universit\u00e0 degli Studi di Firenze, Italien<\/a><\/li>\n\n\n\n<li><a href=\"https:\/\/www.unist.hr\/en\" rel='nofollow'>Sveu\u010dili\u0161te u Splitu \/ University of Split, Kroatien<\/a><\/li>\n\n\n\n<li><a href=\"https:\/\/www.uni-graz.at\/de\/\" rel='nofollow'>Karl-Franzens Universit\u00e4t Graz, \u00d6sterreich<\/a><\/li>\n\n\n\n<li><a href=\"https:\/\/www.umcs.pl\/en\/\" rel='nofollow'>Uniwersytet Marii Curie-Sk\u0142odowskiej w Lublinie (UMCS) \/ Maria Curie-Sk\u0142odowska Universit\u00e4t, Polen<\/a><\/li>\n\n\n\n<li><a href=\"https:\/\/w.prz.edu.pl\/en\/\" rel='nofollow'>Politechnika Rzeszowska im. Ignacego \u0141ukasiewicza \/ Rzeszow University of Technology, Polen<\/a><\/li>\n\n\n\n<li><a href=\"https:\/\/www.up.pt\/portal\/en\/\" rel='nofollow'>Universidade do Porto \/ University of Porto, Portugal<\/a><\/li>\n\n\n\n<li><a href=\"https:\/\/www.ehb.swiss\/\" rel='nofollow'>Eidgen\u00f6ssisches Hochschulinstitut f\u00fcr Berufsbildung, Schweiz<\/a><\/li>\n\n\n\n<li><a href=\"https:\/\/www.um.si\/en\/home-page\/\" rel='nofollow'>Univerza v Mariboru \/ University of Maribor, Slowenien<\/a><\/li>\n\n\n\n<li><a href=\"https:\/\/www.cvut.cz\/en\/\" rel='nofollow'>\u010cesk\u00e9 vysok\u00e9 u\u010den\u00ed technick\u00e9 v Praze \/ Czech Technical University Prague, Tschechien<\/a><\/li>\n\n\n\n<li><a href=\"https:\/\/www.ankara.edu.tr\/en\/\" rel='nofollow'>Ankara \u00dcniversitesi \/ University of Ankara, T\u00fcrkei<\/a><\/li>\n\n\n\n<li><a href=\"https:\/\/yeditepe.edu.tr\/en\" rel='nofollow'>Yeditepe \u00dcniversitesi \/ Yeditepe University, T\u00fcrkei<\/a><\/li>\n\n\n\n<li><a href=\"https:\/\/www.bogazici.edu.tr\/en-US\/Index\" rel='nofollow'>Bo\u011fazi\u00e7i \u00dcniversitesi \/ Bo\u011fazi\u00e7i University, T\u00fcrkei<\/a><\/li>\n\n\n\n<li><a href=\"https:\/\/www.andrassyuni.eu\/\" rel='nofollow'>Andr\u00e1ssy Gyula Deutschsprachige Universit\u00e4t Budapest (AUB), Ungarn<\/a><\/li>\n<\/ul>\n\n\n\n<p><\/p>\n\n\n\n<div class=\"wp-block-columns is-layout-flex wp-container-core-columns-is-layout-9d6595d7 wp-block-columns-is-layout-flex\">\n<div class=\"wp-block-column is-layout-flow wp-block-column-is-layout-flow\">\n<p><strong>Erasmus+ Partnerschaften mit milit\u00e4rischen Hochschulen<\/strong><\/p>\n\n\n\n<ul class=\"wp-block-list\">\n<li><a href=\"https:\/\/www.naa.mil.lv\/en\" rel='nofollow'>Latvijas Nacion\u0101l\u0101 aizsardz\u012bbas akad\u0113mija \/ National Defence Academy Riga, Lettland<\/a><\/li>\n\n\n\n<li><a href=\"https:\/\/www.milak.at\/\" rel='nofollow'>Theresianische Milit\u00e4rakademie Wien, \u00d6sterreich<\/a><\/li>\n\n\n\n<li><a href=\"https:\/\/wuot.edu.pl\/\" rel='nofollow'>Politechnika Warszawska \/ Warsaw University of Technology (WUOT), Polen<\/a><\/li>\n\n\n\n<li><a href=\"https:\/\/www.afahc.ro\/index_en.html\" rel='nofollow'>Academia For\u0163elor Aeriene&nbsp;\u201eHenri Coand\u0103\u201d&nbsp;\/ Air Force Academy &#8222;Henri Coand\u0103&#8220;, Rum\u00e4nien<\/a><\/li>\n\n\n\n<li><a href=\"https:\/\/mta.ro\/en\" rel='nofollow'>Academiei Tehnice Militare \u201cFerdinand I\u201d \/ Military Technical Academy &#8222;Bukarest&#8220;Ferdinand I&#8220;, Rum\u00e4nien<\/a><\/li>\n\n\n\n<li><a href=\"https:\/\/www.anmb.ro\/eng\/\" rel='nofollow'>Academia Naval\u0103 &#8222;Mircea cel B\u0103tr\u00e2n&#8220; \/ Naval Academy &#8222;Mircea cel B\u0103tr\u00e2n&#8220;, Rum\u00e4nien<\/a><\/li>\n\n\n\n<li><a href=\"https:\/\/en.uni-nke.hu\/\" rel='nofollow'>Nemzeti K\u00f6zszolg\u00e1lati Egyetem \/ Ludovika University of Public Service (NUPS), Ungarn<\/a><\/li>\n<\/ul>\n\n\n\n<p><\/p>\n<\/div>\n<\/div>\n\n\n\n<p><strong>Bilaterale Partnerschaften mit zivilen Hochschulen<\/strong><\/p>\n\n\n\n<ul class=\"wp-block-list\">\n<li><a href=\"https:\/\/www.griffith.edu.au\/\" rel='nofollow'>Griffith University Brisbane, Australien<\/a><\/li>\n\n\n\n<li><a href=\"https:\/\/www.icms.edu.au\/\" rel='nofollow'>International College of Management Sydney, Australien<\/a><\/li>\n\n\n\n<li><a href=\"https:\/\/www.ucalgary.ca\/\" rel='nofollow'>University of Calgary, Kanada<\/a><\/li>\n\n\n\n<li><a href=\"https:\/\/www.sun.ac.za\/Home.aspx\" rel='nofollow'>Stellenbosch University, S\u00fcdafrika<\/a><\/li>\n\n\n\n<li><a href=\"https:\/\/www.saut.ac.tz\/\" rel='nofollow'>St Augustine University of Tanzania (SAUT), Tansania<\/a><\/li>\n\n\n\n<li> <a href=\"http:\/\/www.utm.rnu.tn\/utm\/fr\/\" rel='nofollow'>\u062c\u0627\u0645\u0639\u0629 \u062a\u0648\u0646\u0633 \u0627\u0644\u0645\u0646\u0627\u0631 \/ University of Tunis at El Manar (UTM), Tunesien<\/a><\/li>\n\n\n\n<li><a href=\"https:\/\/uncw.edu\/\" rel='nofollow'>University of North Carolina Wilmington (UNCW), USA<\/a><\/li>\n<\/ul>\n\n\n\n<p><\/p>\n\n\n\n<p><strong>Bilaterale Partnerschaften mit milit\u00e4rischen Hochschulen<\/strong><\/p>\n\n\n\n<ul class=\"wp-block-list\">\n<li><a href=\"https:\/\/maanpuolustuskorkeakoulu.fi\/en\/frontpage\" rel='nofollow'>Maanpuolustuskorkeakoulu (MPKK) \/ Finnish National Defence University, Finnland<\/a><\/li>\n\n\n\n<li><a href=\"https:\/\/www.lka.lt\/strategy-of-the-academy\/\" rel='nofollow'>Generolo Jono \u017demai\u010dio Lietuvos karo akademija \/ General Jonas \u017demaitis Military Academy of Lithuania, Litauen<\/a><\/li>\n\n\n\n<li><a href=\"https:\/\/oauife.edu.ng\/\" rel='nofollow'>Obafemie Awolowo University, Nigeria<\/a><\/li>\n\n\n\n<li><a href=\"https:\/\/www.forsvaret.no\/en\/courses-and-education\/nduc\" rel='nofollow'>Forsvarets h\u00f8gskole \/ Defence University College (NDUC), Norwegen<\/a><\/li>\n\n\n\n<li><a href=\"https:\/\/nps.edu\/\" rel='nofollow'>Naval Postgraduate School Monterey, Kanada<\/a><\/li>\n\n\n\n<li><a href=\"https:\/\/www.citadel.edu\/\" rel='nofollow'>The Citadel, The Military College of South Carolina, USA<\/a><\/li>\n\n\n\n<li><a href=\"https:\/\/www.usafa.edu\/\" rel='nofollow'>US Air Force Academy (USAFA), USA<\/a><\/li>\n\n\n\n<li><a href=\"https:\/\/www.westpoint.edu\/\" rel='nofollow'>US Military Academy West Point (WPMA\/ USMA), USA<\/a><\/li>\n\n\n\n<li><a href=\"https:\/\/www.usna.edu\/homepage.php\" rel='nofollow'>US Naval Academy Annapolis (USNA), USA<\/a><\/li>\n\n\n\n<li><a href=\"https:\/\/www.vmi.edu\/\" rel='nofollow'>Virginia Military Institute, USA<\/a><\/li>\n<\/ul>\n\n\n\n<p><\/p>\n\n\n\n<p><strong>Abkommen nur f\u00fcr Staff Mobility<\/strong><\/p>\n\n\n\n<ul class=\"wp-block-list\">\n<li><a href=\"https:\/\/www.univie.ac.at\/\" rel='nofollow'>Universit\u00e4t Wien, \u00d6sterreich<\/a><\/li>\n\n\n\n<li><a href=\"https:\/\/sse.army.gr\/en\/home-en\/\" rel='nofollow'>Hellenic Army Academy, Griechenland<\/a><\/li>\n<\/ul>\n\n\n\n<p><\/p>\n<\/div>\n<\/div>\n\n\n\n<div class=\"wp-block-columns are-vertically-aligned-top is-layout-flex wp-container-core-columns-is-layout-9d6595d7 wp-block-columns-is-layout-flex\">\n<div class=\"wp-block-column is-layout-flow wp-block-column-is-layout-flow\" style=\"flex-basis:100%\">\n<p><strong>Erfahrungsberichte<\/strong><\/p>\n\n\n\n<p>Erfahrungsberichte der Studierenden, die bereits an einem Austausch teilgenommen haben, finden Sie auf der Ilias-Seite des International Office (Zugang nur f\u00fcr Mitglieder der <abbr title=\"Helmut-Schmidt-Universit\u00e4t\">HSU<\/abbr> m\u00f6glich). <a href=\"https:\/\/ilias.hsu-hh.de\/goto.php?target=grp_504217\" rel='nofollow'>Hier<\/a> steht Ihnen eine laufend aktualisierte Auswahl zur Verf\u00fcgung. Weitere Erfahrungsberichte k\u00f6nnen im International Office unter<strong> unibwhamburginternationaloffice@bundeswehr.org <\/strong>angefordert werden.<\/p>\n<\/div>\n<\/div>\n","protected":false},"excerpt":{"rendered":"<p>Die HSU\/UniBw H kooperiert derzeit mit 42 Partnern in Europa und \u00dcbersee. Hier finden Sie eine kurze Auflistung unserer Partner. Eine \u00dcbersicht \u00fcber alle aktuellen Austauschprogramme und aktuell bestehender Austauschvertr\u00e4ge\u00a0f\u00fcr [&hellip;]<\/p>\n","protected":false},"author":2172,"featured_media":0,"parent":73,"menu_order":2,"comment_status":"closed","ping_status":"closed","template":"","meta":{"footnotes":""},"categories":[4],"tags":[96,102,118],"class_list":["post-412","page","type-page","status-publish","hentry","category-forschung","tag-austausch","tag-exchange","tag-partner"],"_links":{"self":[{"href":"https:\/\/www.hsu-hh.de\/auslandsstud\/wp-json\/wp\/v2\/pages\/412","targetHints":{"allow":["GET"]}}],"collection":[{"href":"https:\/\/www.hsu-hh.de\/auslandsstud\/wp-json\/wp\/v2\/pages"}],"about":[{"href":"https:\/\/www.hsu-hh.de\/auslandsstud\/wp-json\/wp\/v2\/types\/page"}],"author":[{"embeddable":true,"href":"https:\/\/www.hsu-hh.de\/auslandsstud\/wp-json\/wp\/v2\/users\/2172"}],"replies":[{"embeddable":true,"href":"https:\/\/www.hsu-hh.de\/auslandsstud\/wp-json\/wp\/v2\/comments?post=412"}],"version-history":[{"count":54,"href":"https:\/\/www.hsu-hh.de\/auslandsstud\/wp-json\/wp\/v2\/pages\/412\/revisions"}],"predecessor-version":[{"id":2339,"href":"https:\/\/www.hsu-hh.de\/auslandsstud\/wp-json\/wp\/v2\/pages\/412\/revisions\/2339"}],"up":[{"embeddable":true,"href":"https:\/\/www.hsu-hh.de\/auslandsstud\/wp-json\/wp\/v2\/pages\/73"}],"wp:attachment":[{"href":"https:\/\/www.hsu-hh.de\/auslandsstud\/wp-json\/wp\/v2\/media?parent=412"}],"wp:term":[{"taxonomy":"category","embeddable":true,"href":"https:\/\/www.hsu-hh.de\/auslandsstud\/wp-json\/wp\/v2\/categories?post=412"},{"taxonomy":"post_tag","embeddable":true,"href":"https:\/\/www.hsu-hh.de\/auslandsstud\/wp-json\/wp\/v2\/tags?post=412"}],"curies":[{"name":"wp","href":"https:\/\/api.w.org\/{rel}","templated":true}]}}