{"id":2720,"date":"2026-01-28T10:15:24","date_gmt":"2026-01-28T09:15:24","guid":{"rendered":"https:\/\/www.hsu-hh.de\/auslandsstud\/?page_id=2720"},"modified":"2026-02-05T15:36:27","modified_gmt":"2026-02-05T14:36:27","slug":"emilyo-incoming","status":"publish","type":"page","link":"https:\/\/www.hsu-hh.de\/auslandsstud\/emilyo-incoming","title":{"rendered":"EMILYO-Incoming"},"content":{"rendered":"\n<div class=\"wp-block-columns is-layout-flex wp-container-core-columns-is-layout-9d6595d7 wp-block-columns-is-layout-flex\">\n<div class=\"wp-block-column is-layout-flow wp-block-column-is-layout-flow\" style=\"flex-basis:66.66%\">\n<h2 class=\"wp-block-heading\">Allgemeines &amp; Hintergrund<\/h2>\n\n\n\n<p>Die <strong>European Initiative for the Exchange of Military Young Officers (EMILYO)<\/strong> \u2013 auch bekannt als <strong>Military Erasmus<\/strong> \u2013 ist eine europ\u00e4ische Austauschinitiative f\u00fcr Offizieranw\u00e4rterinnen und -anw\u00e4rter sowie Studierende milit\u00e4rischer Hochschulen. Sie wurde <strong>2008 auf Initiative der Europ\u00e4ischen Union<\/strong> ins Leben gerufen und orientiert sich in ihrer Grundidee am zivilen Erasmus+ -Programm.<\/p>\n\n\n\n<p>Ziel von EMILYO ist es, die <strong>europ\u00e4ische sicherheits- und verteidigungspolitische Bildung<\/strong>, die <strong>Interoperabilit\u00e4t<\/strong> sowie das <strong>gegenseitige Verst\u00e4ndnis der europ\u00e4ischen Streitkr\u00e4fte<\/strong> zu st\u00e4rken. Heute beteiligen sich <strong>\u00fcber 25 europ\u00e4ische L\u00e4nder<\/strong> mit ihren Milit\u00e4rakademien und verteidigungsnahen Hochschulen an EMILYO.<\/p>\n\n\n\n<p>Ein zentrales Element sind <strong>Common Modules (CM)<\/strong>, internationale Lehrmodule zu sicherheits- und verteidigungspolitischen Themen, die gemeinsam von europ\u00e4ischen Partnerinstitutionen durchgef\u00fchrt werden.<\/p>\n\n\n\n<p>Weitere Informationen und aktuelle Veranstaltungen finden sich auf der offiziellen EMILYO-Website:<\/p>\n\n\n\n<p><a href=\"https:\/\/www.emilyo.eu\" rel='nofollow'>https:\/\/www.emilyo.eu<\/a> .<\/p>\n<\/div>\n\n\n\n<div class=\"wp-block-column is-vertically-aligned-center is-layout-flow wp-block-column-is-layout-flow\" style=\"flex-basis:33.33%\">\n<figure class=\"wp-block-image size-large is-resized\"><img loading=\"lazy\" decoding=\"async\" width=\"1022\" height=\"1024\" src=\"https:\/\/www.hsu-hh.de\/auslandsstud\/wp-content\/uploads\/sites\/767\/2026\/01\/Emilyo-Logo-jpg-1022x1024.jpg\" data-credit=\"EMILYO\" alt=\"\" class=\"wp-image-2676\" style=\"aspect-ratio:0.9980585843775747;width:284px;height:auto\" srcset=\"https:\/\/www.hsu-hh.de\/auslandsstud\/wp-content\/uploads\/sites\/767\/2026\/01\/Emilyo-Logo-jpg-1022x1024.jpg 1022w, https:\/\/www.hsu-hh.de\/auslandsstud\/wp-content\/uploads\/sites\/767\/2026\/01\/Emilyo-Logo-jpg-300x300.jpg 300w, https:\/\/www.hsu-hh.de\/auslandsstud\/wp-content\/uploads\/sites\/767\/2026\/01\/Emilyo-Logo-jpg-150x150.jpg 150w, https:\/\/www.hsu-hh.de\/auslandsstud\/wp-content\/uploads\/sites\/767\/2026\/01\/Emilyo-Logo-jpg-768x769.jpg 768w, https:\/\/www.hsu-hh.de\/auslandsstud\/wp-content\/uploads\/sites\/767\/2026\/01\/Emilyo-Logo-jpg-100x100.jpg 100w, https:\/\/www.hsu-hh.de\/auslandsstud\/wp-content\/uploads\/sites\/767\/2026\/01\/Emilyo-Logo-jpg.jpg 1075w\" sizes=\"auto, (max-width: 1022px) 100vw, 1022px\" \/><\/figure>\n<\/div>\n<\/div>\n","protected":false},"excerpt":{"rendered":"<p>Allgemeines &amp; Hintergrund Die European Initiative for the Exchange of Military Young Officers (EMILYO) \u2013 auch bekannt als Military Erasmus \u2013 ist eine europ\u00e4ische Austauschinitiative f\u00fcr Offizieranw\u00e4rterinnen und -anw\u00e4rter sowie [&hellip;]<\/p>\n","protected":false},"author":4105,"featured_media":0,"parent":0,"menu_order":0,"comment_status":"closed","ping_status":"closed","template":"","meta":{"footnotes":""},"categories":[4],"tags":[],"class_list":["post-2720","page","type-page","status-publish","hentry","category-forschung"],"_links":{"self":[{"href":"https:\/\/www.hsu-hh.de\/auslandsstud\/wp-json\/wp\/v2\/pages\/2720","targetHints":{"allow":["GET"]}}],"collection":[{"href":"https:\/\/www.hsu-hh.de\/auslandsstud\/wp-json\/wp\/v2\/pages"}],"about":[{"href":"https:\/\/www.hsu-hh.de\/auslandsstud\/wp-json\/wp\/v2\/types\/page"}],"author":[{"embeddable":true,"href":"https:\/\/www.hsu-hh.de\/auslandsstud\/wp-json\/wp\/v2\/users\/4105"}],"replies":[{"embeddable":true,"href":"https:\/\/www.hsu-hh.de\/auslandsstud\/wp-json\/wp\/v2\/comments?post=2720"}],"version-history":[{"count":11,"href":"https:\/\/www.hsu-hh.de\/auslandsstud\/wp-json\/wp\/v2\/pages\/2720\/revisions"}],"predecessor-version":[{"id":2970,"href":"https:\/\/www.hsu-hh.de\/auslandsstud\/wp-json\/wp\/v2\/pages\/2720\/revisions\/2970"}],"wp:attachment":[{"href":"https:\/\/www.hsu-hh.de\/auslandsstud\/wp-json\/wp\/v2\/media?parent=2720"}],"wp:term":[{"taxonomy":"category","embeddable":true,"href":"https:\/\/www.hsu-hh.de\/auslandsstud\/wp-json\/wp\/v2\/categories?post=2720"},{"taxonomy":"post_tag","embeddable":true,"href":"https:\/\/www.hsu-hh.de\/auslandsstud\/wp-json\/wp\/v2\/tags?post=2720"}],"curies":[{"name":"wp","href":"https:\/\/api.w.org\/{rel}","templated":true}]}}