{"id":370,"date":"2021-01-19T11:35:37","date_gmt":"2021-01-19T10:35:37","guid":{"rendered":"https:\/\/www.hsu-hh.de\/ausbildung\/?page_id=370"},"modified":"2023-05-25T07:37:00","modified_gmt":"2023-05-25T05:37:00","slug":"praktikum","status":"publish","type":"page","link":"https:\/\/www.hsu-hh.de\/ausbildung\/praktikum\/","title":{"rendered":"Praktikum"},"content":{"rendered":"\n<div style=\"height:50px\" aria-hidden=\"true\" class=\"wp-block-spacer\"><\/div>\n\n\n\n<p class=\"has-text-align-center\" style=\"font-size:24px\">Praktika bieten die M\u00f6glichkeit einen Einblick in verschiedene Berufsfelder zu bekommen <\/p>\n\n\n\n<p class=\"has-text-align-center\" style=\"font-size:24px\">und erste Erfahrungen zu sammeln. Dabei ist es entscheidend, zu welchem Zweck das Praktikum erfolgt. <\/p>\n\n\n\n<p class=\"has-text-align-center\" style=\"font-size:24px\">Ein Praktikum soll berufliche Orientierung, Erfahrungen oder Kenntnisse vermitteln. <\/p>\n\n\n\n<div style=\"height:50px\" aria-hidden=\"true\" class=\"wp-block-spacer\"><\/div>\n\n\n\n<p class=\"has-text-align-center\" style=\"font-size:21px\"><strong>Wir bieten Dir eine interessante Auswahl an Praktikumspl\u00e4tzen. Grunds\u00e4tzlich bieten wir Praktika in den technischen Bereichen der Helmut-Schmidt-Universit\u00e4t\/Universit\u00e4t der Bundeswehr Hamburg an, d. h. in den Laboren und Werkst\u00e4tten. Auch in der Universit\u00e4tsbibliothek kannst Du Dein Praktikum bei uns absolvieren.<\/strong><\/p>\n\n\n\n<p class=\"has-text-align-center\" style=\"font-size:21px\"><strong>Im kaufm\u00e4nnischen Bereich stehen zur Zeit leider keine Praktikumspl\u00e4tze zur Verf\u00fcgung. <\/strong><\/p>\n\n\n\n<div style=\"height:40px\" aria-hidden=\"true\" class=\"wp-block-spacer\"><\/div>\n\n\n\n<hr class=\"wp-block-separator has-css-opacity is-style-wide\" \/>\n\n\n\n<div style=\"height:50px\" aria-hidden=\"true\" class=\"wp-block-spacer\"><\/div>\n\n\n\n<div class=\"wp-block-media-text alignwide has-media-on-the-right is-stacked-on-mobile\" style=\"grid-template-columns:auto 31%\"><div class=\"wp-block-media-text__content\">\n<p class=\"has-text-align-center\" style=\"font-size:23px\">Welche Arten von Praktika an der Helmut-Schmidt-Universit\u00e4t\/Universit\u00e4t der Bundeswehr Hamburg angeboten werden, erf\u00e4hrst Du <a href=\"https:\/\/www.hsu-hh.de\/ausbildung\/arten-von-praktika\/\" data-type=\"page\" data-id=\"560\">hier<\/a>.<\/p>\n<\/div><figure class=\"wp-block-media-text__media\"><img loading=\"lazy\" decoding=\"async\" width=\"1024\" height=\"1024\" src=\"https:\/\/www.hsu-hh.de\/ausbildung\/wp-content\/uploads\/sites\/842\/2021\/01\/question-2309040_1920-1024x1024.jpg\" data-credit=\"PIXABAY: https:\/\/pixabay.com\" alt=\"M\u00e4nnchen mit Fragezeichen\" class=\"wp-image-391 size-full\" srcset=\"https:\/\/www.hsu-hh.de\/ausbildung\/wp-content\/uploads\/sites\/842\/2021\/01\/question-2309040_1920-1024x1024.jpg 1024w, https:\/\/www.hsu-hh.de\/ausbildung\/wp-content\/uploads\/sites\/842\/2021\/01\/question-2309040_1920-300x300.jpg 300w, https:\/\/www.hsu-hh.de\/ausbildung\/wp-content\/uploads\/sites\/842\/2021\/01\/question-2309040_1920-150x150.jpg 150w, https:\/\/www.hsu-hh.de\/ausbildung\/wp-content\/uploads\/sites\/842\/2021\/01\/question-2309040_1920-768x768.jpg 768w, https:\/\/www.hsu-hh.de\/ausbildung\/wp-content\/uploads\/sites\/842\/2021\/01\/question-2309040_1920-1536x1536.jpg 1536w, https:\/\/www.hsu-hh.de\/ausbildung\/wp-content\/uploads\/sites\/842\/2021\/01\/question-2309040_1920-1100x1100.jpg 1100w, https:\/\/www.hsu-hh.de\/ausbildung\/wp-content\/uploads\/sites\/842\/2021\/01\/question-2309040_1920-100x100.jpg 100w, https:\/\/www.hsu-hh.de\/ausbildung\/wp-content\/uploads\/sites\/842\/2021\/01\/question-2309040_1920.jpg 1920w\" sizes=\"auto, (max-width: 1024px) 100vw, 1024px\" \/><\/figure><\/div>\n","protected":false},"excerpt":{"rendered":"<p>Praktika bieten die M\u00f6glichkeit einen Einblick in verschiedene Berufsfelder zu bekommen und erste Erfahrungen zu sammeln. Dabei ist es entscheidend, zu welchem Zweck das Praktikum erfolgt. Ein Praktikum soll berufliche [&hellip;]<\/p>\n","protected":false},"author":153,"featured_media":0,"parent":0,"menu_order":0,"comment_status":"closed","ping_status":"closed","template":"","meta":{"footnotes":""},"categories":[4],"tags":[],"class_list":["post-370","page","type-page","status-publish","hentry","category-forschung"],"_links":{"self":[{"href":"https:\/\/www.hsu-hh.de\/ausbildung\/wp-json\/wp\/v2\/pages\/370","targetHints":{"allow":["GET"]}}],"collection":[{"href":"https:\/\/www.hsu-hh.de\/ausbildung\/wp-json\/wp\/v2\/pages"}],"about":[{"href":"https:\/\/www.hsu-hh.de\/ausbildung\/wp-json\/wp\/v2\/types\/page"}],"author":[{"embeddable":true,"href":"https:\/\/www.hsu-hh.de\/ausbildung\/wp-json\/wp\/v2\/users\/153"}],"replies":[{"embeddable":true,"href":"https:\/\/www.hsu-hh.de\/ausbildung\/wp-json\/wp\/v2\/comments?post=370"}],"version-history":[{"count":21,"href":"https:\/\/www.hsu-hh.de\/ausbildung\/wp-json\/wp\/v2\/pages\/370\/revisions"}],"predecessor-version":[{"id":729,"href":"https:\/\/www.hsu-hh.de\/ausbildung\/wp-json\/wp\/v2\/pages\/370\/revisions\/729"}],"wp:attachment":[{"href":"https:\/\/www.hsu-hh.de\/ausbildung\/wp-json\/wp\/v2\/media?parent=370"}],"wp:term":[{"taxonomy":"category","embeddable":true,"href":"https:\/\/www.hsu-hh.de\/ausbildung\/wp-json\/wp\/v2\/categories?post=370"},{"taxonomy":"post_tag","embeddable":true,"href":"https:\/\/www.hsu-hh.de\/ausbildung\/wp-json\/wp\/v2\/tags?post=370"}],"curies":[{"name":"wp","href":"https:\/\/api.w.org\/{rel}","templated":true}]}}