{"id":819,"date":"2018-02-28T11:44:50","date_gmt":"2018-02-28T10:44:50","guid":{"rendered":"https:\/\/www.hsu-hh.de\/asv\/?page_id=819"},"modified":"2018-04-18T10:09:37","modified_gmt":"2018-04-18T08:09:37","slug":"prakto-wi","status":"publish","type":"page","link":"https:\/\/www.hsu-hh.de\/asv\/prakto-wi\/","title":{"rendered":"PraktO-WI"},"content":{"rendered":"<h3 style=\"text-align: center\">Praktikumsordnung f\u00fcr den Bachelor-Studiengang Wirtschaftsingenieurwesen an der Helmut-Schmidt-Universit\u00e4t \/ Universit\u00e4t der Bundeswehr Hamburg<\/h3>\n<p style=\"text-align: center\"><a href=\"https:\/\/www.hsu-hh.de\/asv\/wp-content\/uploads\/sites\/776\/2018\/02\/Praktikumsordnung-Bachelor-Wirtschaftsingenieurwesen-2.pdf\"><img loading=\"lazy\" decoding=\"async\" class=\"alignnone size-full wp-image-2024\" src=\"https:\/\/www.hsu-hh.de\/asv\/wp-content\/uploads\/sites\/776\/2018\/02\/PDF-laden.jpg\" alt=\"PDF laden\" width=\"71\" height=\"68\" \/><\/a><\/p>\n<p>(beschlossen vom Studienbereichsausschuss Wirtschaftsingenieurwesen am 31. Mai 2007)<\/p>\n<p>&nbsp;<\/p>\n<h3 style=\"text-align: center\">\u00a7 1 Zweck des Praktikums<\/h3>\n<p>Die praktische Ausbildung hat das Ziel, die angehenden Wirtschaftsingenieure und Wirtschaftsingenieurinnen mit den Grundlagen und Aufgaben des kaufm\u00e4nnischen und technischen Bereichs eines Unternehmens vor Aufnahme einer entsprechenden beruflichen T\u00e4tigkeit bekannt zu machen. Die praktische Ausbildung ist f\u00f6rderlich und unerl\u00e4sslich zum Verst\u00e4ndnis kaufm\u00e4nnischer und technischer Vorg\u00e4nge. Der Schwerpunkt liegt weniger auf dem Erlernen spezieller Kenntnisse als vielmehr auf einer in die Breite gehenden Ausbildung und auf dem Gewinn eines \u00dcberblicks \u00fcber die einzelnen Bereiche und deren Zusammenwirken.<\/p>\n<p>Ein weiterer wesentlicher Aspekt liegt im Erfassen der soziologischen Seite des Betriebsgeschehens. Die Praktikanten und Praktikantinnen<br \/>\nsollen den Betrieb auch als Sozialstruktur verstehen sowie das Verh\u00e4ltnis der F\u00fchrungskr\u00e4fte und der Mitarbeiter zueinander am<br \/>\nArbeitsplatz kennen lernen.<\/p>\n<p>&nbsp;<\/p>\n<h3 style=\"text-align: center\">\u00a7 2 Ausbildungsst\u00e4tten f\u00fcr praktische T\u00e4tigkeiten<\/h3>\n<p>F\u00fcr die Ableistung des Praktikums kommen sowohl Dienststellen <abbr title=\"beziehungsweise\">bzw.<\/abbr> Einheiten der Bundeswehr als auch Unternehmen in Frage.<br \/>\nPraktische T\u00e4tigkeiten in der elterlichen Firma werden nicht anerkannt.<\/p>\n<p>&nbsp;<\/p>\n<h3 style=\"text-align: center\">\u00a7 3 Sachliche Gliederung des Praktikums<\/h3>\n<p>(1) Das Praktikum gliedert sich in einen kaufm\u00e4nnischen und technischen Teil.<\/p>\n<p>(2) Das kaufm\u00e4nnische Praktikum soll einen \u00dcberblick \u00fcber die kaufm\u00e4nnische Abwicklung von Gesch\u00e4ftsvorg\u00e4ngen vermitteln.<\/p>\n<p>(3) Das technische Praktikum dient der Einf\u00fchrung in die industrielle Fertigung und damit dem Vermitteln unerl\u00e4sslicher produktionstechnischer Elementarkenntnisse.<\/p>\n<p>&nbsp;<\/p>\n<h3 style=\"text-align: center\">\u00a7 4 Zeitliche Gliederung des Praktikums<\/h3>\n<p>(1) Die Gesamtdauer des Praktikums betr\u00e4gt mindestens zw\u00f6lf Wochen. Von dieser Zeit entfallen in der Regel f\u00fcnf Wochen auf<br \/>\ndas kaufm\u00e4nnische und sieben Wochen auf das technische Praktikum.<\/p>\n<p>(2) Das Praktikum ist nach M\u00f6glichkeit vor Aufnahme des Studiums abzuleisten.<\/p>\n<p>(3) Die Ausbildungszeit in einem Betrieb soll nach M\u00f6glichkeit mindestens vier Wochen betragen, darf aber zwei Wochen nicht unterschreiten.<\/p>\n<p>(4) Als Wochenarbeitszeit gilt die Regelarbeitszeit der jeweiligen\u00a0 Ausbildungsst\u00e4tte.<\/p>\n<p>&nbsp;<\/p>\n<h3 style=\"text-align: center\">\u00a7 5 Inhaltliche Gliederung des Praktikums<\/h3>\n<p>Die K\u00fcrze des Praktikums erfordert ein besonderes Bem\u00fchen der Praktikanten und Praktikantinnen, sich im Rahmen der zur Verf\u00fcgung<br \/>\nstehenden Zeit einen ausreichenden \u00dcberblick \u00fcber die relevanten Teilbereiche eines Betriebes zu verschaffen.<\/p>\n<p>(1) Kaufm\u00e4nnisches Praktikum<\/p>\n<p>Das kaufm\u00e4nnische Praktikum umfasst mindestens zwei der untenstehenden T\u00e4tigkeitsabschnitte.<\/p>\n<p>F\u00fcr diese Abschnitte werden hier jeweils beispielhaft einige Inhalte aufgef\u00fchrt:<\/p>\n<p>a) Einkauf, Material, Logistik<\/p>\n<p style=\"padding-left: 30px\">&#8211; Termingerechte Beschaffung von Werkstoffen und Vorprodukten<\/p>\n<p style=\"padding-left: 30px\">&#8211; \u00dcberpr\u00fcfung der Quantit\u00e4t und Qualit\u00e4t<\/p>\n<p style=\"padding-left: 30px\">&#8211; Analyse des Beschaffungsmarktes<\/p>\n<p style=\"padding-left: 30px\">&#8211; \u00dcberwachung des Materiallagers<\/p>\n<p style=\"padding-left: 30px\">&#8211; Erstellung von Tourenpl\u00e4nen<\/p>\n<p style=\"padding-left: 30px\">&#8211; Planung, Durchf\u00fchrung und \u00dcberwachung von Ma\u00dfnahmen der Instandhaltung<\/p>\n<p>b) Produktion, Arbeitsvorbereitung, Fertigungssteuerung<\/p>\n<p style=\"padding-left: 30px\">&#8211; Planung und Steuerung des Material- und Arbeitseinsatzes sowie der Vorprodukte durch die Produktion und ihre Weitergabe als Fertigprodukte<\/p>\n<p style=\"padding-left: 30px\">&#8211; \u00dcberwachung der Zweckm\u00e4\u00dfigkeit des Arbeitsablaufes und der Arbeitssicherheit<\/p>\n<p>c) Externes und internes Rechnungswesen<\/p>\n<p style=\"padding-left: 30px\">&#8211; Mitarbeit bei der laufenden Kontrolle des gesamten Finanz- und Rechnungswesens<\/p>\n<p style=\"padding-left: 30px\">&#8211; Pr\u00fcfung auf formelle und materielle Richtigkeit und die Durchf\u00fchrung gezielter Sonderpr\u00fcfungen<\/p>\n<p style=\"padding-left: 30px\">&#8211; T\u00e4tigkeiten im Rahmen der Kostenarten-, Kostenstellen und Kostentr\u00e4gerrechnung<\/p>\n<p style=\"padding-left: 30px\">&#8211; Erlangung praktischer Kenntnisse der kurzfristigen Erfolgsrechnung<\/p>\n<p style=\"padding-left: 30px\">&#8211; Erlangung von Kenntnissen beim praktischen Aufbau und der Organisation des Buchhaltungs- und Berichtssystems<\/p>\n<p style=\"padding-left: 30px\">&#8211; Kontierung und Verbuchung laufender Gesch\u00e4ftsf\u00e4lle<\/p>\n<p style=\"padding-left: 30px\">&#8211; Mitarbeit bei der Erstellung handels- und steuerrechtlicher Jahresabschl\u00fcsse<\/p>\n<p>d) Organisation, Planung, EDV<\/p>\n<p style=\"padding-left: 30px\">&#8211; Mitarbeit bei der Gewinnung, Verarbeitung und Auswertung von Informationen im Rahmen der gesamten Unternehmensplanung<\/p>\n<p style=\"padding-left: 30px\">&#8211; Arbeits- und Aufgabenanalyse in personeller, r\u00e4umlicher, zeitlicher und sachlicher Hinsicht<\/p>\n<p style=\"padding-left: 30px\">&#8211; Erarbeitung von Struktur- und Aufgabenpl\u00e4nen<\/p>\n<p style=\"padding-left: 30px\">&#8211; Entwicklung und Aufbau von Leitungs-, Stabs-, Kommunikations- und Kontrollsystemen<\/p>\n<p style=\"padding-left: 30px\">&#8211; Abstimmung der Organisation auf die Belange der EDV<\/p>\n<p style=\"padding-left: 30px\">&#8211; Einsatz der EDV zur Automatisierung der Arbeitsabl\u00e4ufe und<\/p>\n<p style=\"padding-left: 30px\">&#8211; Realisierung betrieblicher Informationssysteme<\/p>\n<p>e) Personalwesen<\/p>\n<p style=\"padding-left: 30px\">&#8211; Besch\u00e4ftigung mit Fragen der Personalplanung, -beschaffung und -verwaltung<\/p>\n<p style=\"padding-left: 30px\">&#8211; Arbeitsplatzanalyse<\/p>\n<p style=\"padding-left: 30px\">&#8211; Arbeitsplatzbewertung<\/p>\n<p style=\"padding-left: 30px\">&#8211; Gehaltsfindung<\/p>\n<p style=\"padding-left: 30px\">&#8211; Personalentwicklung und -betreuung<\/p>\n<p style=\"padding-left: 30px\">&#8211; Ausbildung, Sozialwesen<\/p>\n<p>f) Absatz, Vertrieb, Marketing<\/p>\n<p style=\"padding-left: 30px\">&#8211; Planung, Organisation und Kontrolle des Vertriebs<\/p>\n<p style=\"padding-left: 30px\">&#8211; Erstellung des Absatzplanes<\/p>\n<p style=\"padding-left: 30px\">&#8211; Verkaufsabschl\u00fcsse<\/p>\n<p style=\"padding-left: 30px\">&#8211; Versanddisposition, Fakturierung und Mahnwesen<\/p>\n<p style=\"padding-left: 30px\">&#8211; Bearbeitung von Reklamationen<\/p>\n<p style=\"padding-left: 30px\">&#8211; Zusammenarbeit mit der Marketingabteilung sowie dem Produktionsbereich.<\/p>\n<p>(2) Technisches Praktikum<\/p>\n<p>Das technische Praktikum (Elektrotechnik und Maschinenbau) erstreckt sich auf mindestens zwei der untenstehenden<br \/>\nT\u00e4tigkeitsabschnitte.<\/p>\n<p>F\u00fcr diese Abschnitte werden hier jeweils beispielhaft einige Inhalte aufgef\u00fchrt:<\/p>\n<p>a) Grundlegendes Bearbeiten von Werkstoffen<\/p>\n<p style=\"padding-left: 30px\">&#8211; Spanende Verfahren: Feilen, S\u00e4gen, Bohren, Drehen, Fr\u00e4sen, Hobeln<\/p>\n<p style=\"padding-left: 30px\">&#8211; Umformende Verfahren: Schmieden, Biegen, Stanzen, Kanten<\/p>\n<p>b) Thermische F\u00fcge- und Trennverfahren<\/p>\n<p style=\"padding-left: 30px\">&#8211; L\u00f6ten und Schwei\u00dfen<\/p>\n<p style=\"padding-left: 30px\">&#8211; Brennschneiden<\/p>\n<p>c) Grundlegende Arbeiten aus der Elektrotechnik<\/p>\n<p style=\"padding-left: 30px\">&#8211; L\u00f6ten<\/p>\n<p style=\"padding-left: 30px\">&#8211; Isolieren<\/p>\n<p style=\"padding-left: 30px\">&#8211; Handverdrahten<\/p>\n<p style=\"padding-left: 30px\">&#8211; Verbindungsverfahren<\/p>\n<p>d) Montage, Instandsetzung und Reparatur von<\/p>\n<p style=\"padding-left: 30px\">&#8211; Maschinen<\/p>\n<p style=\"padding-left: 30px\">&#8211; Werkzeugen<\/p>\n<p style=\"padding-left: 30px\">&#8211; Vorrichtungen oder Apparate<\/p>\n<p style=\"padding-left: 30px\">&#8211; Ger\u00e4te und Maschinen der Elektrotechnik<\/p>\n<p>&nbsp;<\/p>\n<h3 style=\"text-align: center\">\u00a7 6 Berichterstattung \u00fcber die praktischen T\u00e4tigkeiten<\/h3>\n<p>(1) \u00dcber die praktische Ausbildung und die dabei gemachten Beobachtungen und Erfahrungen ist ein Berichtsheft zu f\u00fchren. Es k\u00f6nnen hierf\u00fcr vorgedruckte Hefte (so genannte Werkarbeitsb\u00fccher oder Berichtshefte) oder lose Bl\u00e4tter (Format DIN A 4) im Schnellhefter verwendet werden. Die Berichtshefte sind au\u00dferhalb der Arbeitszeit zu erstellen. Wochen- und Arbeitsberichte (<abbr title=\"Absatz\">Abs.<\/abbr> 2) m\u00fcssen vom Ausbilder w\u00f6chentlich durch Stempel und Unterschrift best\u00e4tigt werden. Da nur praktische T\u00e4tigkeiten anerkannt werden, die im Berichtsheft aufgef\u00fchrt oder in diesem abgezeichnet sind, ist es empfehlenswert, schon vor Arbeitsbeginn mit dem Ausbildungsbetrieb, die F\u00fchrung der Berichtshefte zu regeln.<\/p>\n<p>(2) Das Berichtsheft muss enthalten:<\/p>\n<p>a) Ausbildungsgang<br \/>\nAuf der ersten Seite <abbr title=\"beziehungsweise\">bzw.<\/abbr> auf einem gesonderten Blatt eine \u00dcbersicht \u00fcber das jeweilige Praktikum, aus der die Arbeitsst\u00e4tte(n) mit Anschrift, die Abteilungen <abbr title=\"beziehungsweise\">bzw.<\/abbr> Werkst\u00e4tten und die dortigen T\u00e4tigkeitszeiten mit Nennung des Ein- und Austrittstages zu ersehen sind.<\/p>\n<p>b) Wochenberichte<br \/>\nTageweise Auflistung der ausgef\u00fchrten Arbeiten mit Angabe der zugeh\u00f6rigen Stunden.<\/p>\n<p>c) Arbeitsbericht<br \/>\nW\u00e4hrend des Praktikums ist w\u00f6chentlich ein Arbeitsbericht im Umfang von ca. zwei Seiten DIN A4 zu erstellen. Ein Bericht soll einen oder mehrere Arbeitsabl\u00e4ufe aus der Wochent\u00e4tigkeit beschreiben und Notizen \u00fcber Erfahrungen bei den ausgef\u00fchrten Arbeiten enthalten sowie im technischen Praktikum mit Skizzen (Handskizzen), Zeichnungen, Schaltbildern u.\u00e4. der hergestellten Gegenst\u00e4nde erg\u00e4nzt werden. Aus dem Text soll ersichtlich sein, dass die angegebenen Arbeiten selbst ausgef\u00fchrt wurden. Diagramme, Schaltbilder und Ablaufpl\u00e4ne ersparen h\u00e4ufig einen langen Text. Ein Abschreiben von Vorlagen (Lehrtexte, Lehrwerkstattumdrucke o.\u00e4.) oder die Verwendung von Funktionsbeschreibungen, Fotokopien oder Prospekten (als Ersatz eigener Berichte und Skizzen) ist nicht zul\u00e4ssig.<\/p>\n<p>(3) Unterlagen, deren Verwendung eine besondere Genehmigung erfordern, d\u00fcrfen ohne diese Genehmigung nicht den Arbeitsberichten beigef\u00fcgt werden.<\/p>\n<p>&nbsp;<\/p>\n<h3 style=\"text-align: center\">\u00a7 7 Zeugnis \u00fcber die praktische T\u00e4tigkeit<\/h3>\n<p>Neben der Berichterstattung ist zur Anerkennung der praktischen T\u00e4tigkeit ein Zeugnis (keine Arbeitsbescheinigung) der Ausbildungsst\u00e4tte vorzulegen.<\/p>\n<p>Dieses Zeugnis muss enthalten:<\/p>\n<p>&#8211; Anschrift der Ausbildungsst\u00e4tte<\/p>\n<p>&#8211; Angaben zur Person<\/p>\n<p>&#8211; Abteilungen mit Wochenangaben<\/p>\n<p>&#8211; Fehltage (Krankheit, Urlaub oder sonstige Abwesenheit). Diese Angaben muss das Zeugnis auch dann haben, wenn keine Fehl- <abbr title=\"beziehungsweise\">bzw.<\/abbr> Urlaubstage zu verzeichnen sind.<\/p>\n<p>&#8211; ggfs. Bemerkungen (<abbr title=\"zum Beispiel\">z.B.<\/abbr> Einbehaltung eines Arbeitsberichts aus Gr\u00fcnden der Geheimhaltung, Patentanmeldung u.\u00e4.)<\/p>\n<p>&nbsp;<\/p>\n<p>&nbsp;<\/p>\n<h3 style=\"text-align: center\">\u00a7 8 Anerkennung der praktischen T\u00e4tigkeit<\/h3>\n<p>Im eigenen Interesse sollten die Praktikanten und Praktikantinnen jeden Abschnitt der praktischen T\u00e4tigkeiten durch das zust\u00e4ndige<br \/>\nPraktikantenamt umgehend anerkennen lassen.<\/p>\n<p>Erforderlich ist dazu die Vorlage des Zeugnisses und des Berichtsheftes. Das Praktikantenamt beurteilt anhand der eingereichten Unterlagen, ob die abgeleistete T\u00e4tigkeit dieser Praktikumsordnung entsprochen hat. Es beh\u00e4lt sich vor, praktische T\u00e4tigkeiten nicht oder nur teilweise anzuerkennen, wenn sie nach Dauer und Inhalt nicht oder nur teilweise den Erfordernissen gen\u00fcgen.<\/p>\n<p>&nbsp;<\/p>\n<h3 style=\"text-align: center\">\u00a7 9 Ausnahmeregelungen<\/h3>\n<p>(1) Eine kaufm\u00e4nnische, handwerkliche oder technische Berufsausbildung vor dem Studium an der Helmut-Schmidt-Universit\u00e4t \/ Universit\u00e4t der Bundeswehr Hamburg wird entsprechend ihrer Art und ihrem Inhalt auf das Praktikum angerechnet, wenn sie zu einem berufsqualifizierenden Abschluss f\u00fchrte (Kaufmannsgehilfen-, Gesellen-, Facharbeiter-, Technikerpr\u00fcfung <abbr title=\"und so weiter\">usw.<\/abbr>).<\/p>\n<p>(2) Ein von einer anderen deutschen wissenschaftlichen Hochschule anerkanntes Praktikum kann voll angerechnet werden. Der Student <abbr title=\"beziehungsweise\">bzw.<\/abbr> die Studentin muss sich dieses jedoch unabh\u00e4ngig von der bereits vorliegenden Anerkennung umgehend durch das zust\u00e4ndige Praktikantenamt der Helmut-Schmidt-Universit\u00e4t \/Universit\u00e4t der Bundeswehr Hamburg best\u00e4tigen lassen.<\/p>\n<p>&nbsp;<\/p>\n<h3 style=\"text-align: center\">\u00a7 10 Fehlzeiten<\/h3>\n<p>Durch Krankheit, Urlaub oder sonstige Abwesenheit ausgefallene Praktikumszeiten m\u00fcssen grunds\u00e4tzlich in vollem Umfang nachgeholt<br \/>\nwerden.<\/p>\n<p>&nbsp;<\/p>\n<h3 style=\"text-align: center\">\u00a7 11 Praktikanten\u00e4mter<\/h3>\n<p>Die Praktikanten\u00e4mter geben auf Fragen Auskunft, die sich im Zusammenhang mit der praktischen T\u00e4tigkeit ergeben. Die<br \/>\nSprechstunden werden jeweils durch Aushang bekannt gegeben.<\/p>\n<p>Die Postanschriften f\u00fcr die Praktikanten\u00e4mter lauten:<\/p>\n<p>f\u00fcr das kaufm\u00e4nnische Praktikum:<br \/>\nHelmut-Schmidt-Universit\u00e4t<br \/>\nUniversit\u00e4t der Bundeswehr Hamburg<br \/>\nPraktikantenamt Fakult\u00e4t <abbr title=\"Wirtschafts- und Sozialwissenschaften\">WiSo<\/abbr><br \/>\nPostfach 70 08 22<br \/>\n22008 Hamburg<br \/>\nTelefon: 040 \/ 6541\u20132583 (BwFern: 90\u20137926\u20132583)<\/p>\n<p>f\u00fcr das technische Praktikum:<br \/>\nHelmut-Schmidt-Universit\u00e4t<br \/>\nUniversit\u00e4t der Bundeswehr Hamburg<br \/>\nPraktikantenamt f\u00fcr die ingenieurwissenschaftlichen Studieng\u00e4nge<br \/>\nPostfach 70 08 22<br \/>\n22008 Hamburg<br \/>\nTelefon: 040 \/ 6541\u20132696 (BwFern: 90\u20137926\u20132696)<br \/>\nFax: 040 \/ 6541\u20132839<\/p>\n<p>&nbsp;<\/p>\n<h3 style=\"text-align: center\">\u00a7 12 Inkrafttreten<\/h3>\n<p>Diese Praktikumsordnung tritt am Tage nach ihrer Ver\u00f6ffentlichung im Hochschulanzeiger der Helmut-Schmidt-Universit\u00e4t \/ Universit\u00e4t der Bundeswehr Hamburg in Kraft.<\/p>\n<p>&nbsp;<\/p>\n<p>&nbsp;<\/p>\n<p>&nbsp;<\/p>\n","protected":false},"excerpt":{"rendered":"<p>Praktikumsordnung f\u00fcr den Bachelor-Studiengang Wirtschaftsingenieurwesen an der Helmut-Schmidt-Universit\u00e4t \/ Universit\u00e4t der Bundeswehr Hamburg (beschlossen vom Studienbereichsausschuss Wirtschaftsingenieurwesen am 31. Mai 2007) &nbsp; \u00a7 1 Zweck des Praktikums Die praktische Ausbildung [&hellip;]<\/p>\n","protected":false},"author":865,"featured_media":0,"parent":0,"menu_order":0,"comment_status":"closed","ping_status":"closed","template":"","meta":{"footnotes":""},"categories":[],"tags":[],"class_list":["post-819","page","type-page","status-publish","hentry"],"_links":{"self":[{"href":"https:\/\/www.hsu-hh.de\/asv\/wp-json\/wp\/v2\/pages\/819","targetHints":{"allow":["GET"]}}],"collection":[{"href":"https:\/\/www.hsu-hh.de\/asv\/wp-json\/wp\/v2\/pages"}],"about":[{"href":"https:\/\/www.hsu-hh.de\/asv\/wp-json\/wp\/v2\/types\/page"}],"author":[{"embeddable":true,"href":"https:\/\/www.hsu-hh.de\/asv\/wp-json\/wp\/v2\/users\/865"}],"replies":[{"embeddable":true,"href":"https:\/\/www.hsu-hh.de\/asv\/wp-json\/wp\/v2\/comments?post=819"}],"version-history":[{"count":6,"href":"https:\/\/www.hsu-hh.de\/asv\/wp-json\/wp\/v2\/pages\/819\/revisions"}],"predecessor-version":[{"id":3100,"href":"https:\/\/www.hsu-hh.de\/asv\/wp-json\/wp\/v2\/pages\/819\/revisions\/3100"}],"wp:attachment":[{"href":"https:\/\/www.hsu-hh.de\/asv\/wp-json\/wp\/v2\/media?parent=819"}],"wp:term":[{"taxonomy":"category","embeddable":true,"href":"https:\/\/www.hsu-hh.de\/asv\/wp-json\/wp\/v2\/categories?post=819"},{"taxonomy":"post_tag","embeddable":true,"href":"https:\/\/www.hsu-hh.de\/asv\/wp-json\/wp\/v2\/tags?post=819"}],"curies":[{"name":"wp","href":"https:\/\/api.w.org\/{rel}","templated":true}]}}