{"id":217,"date":"2018-01-30T12:10:49","date_gmt":"2018-01-30T11:10:49","guid":{"rendered":"https:\/\/www.hsu-hh.de\/asv\/?page_id=217"},"modified":"2026-01-23T17:20:16","modified_gmt":"2026-01-23T16:20:16","slug":"pruefungsordnungen","status":"publish","type":"page","link":"https:\/\/www.hsu-hh.de\/asv\/pruefungsordnungen\/","title":{"rendered":"Studien- und Pr\u00fcfungsordnungen"},"content":{"rendered":"<p>Hier finden Sie die Studien- und Pr\u00fcfungsordnungen f\u00fcr die einzelnen Studieng\u00e4nge sowie die Allgemeine Pr\u00fcfungsordnung.<\/p>\n<div class=\"content-block3\">\n<h3 style=\"text-align: center\"><a href=\"https:\/\/www.hsu-hh.de\/asv\/?page_id=2238&amp;preview=true\"><img loading=\"lazy\" decoding=\"async\" class=\"alignnone wp-image-2936\" src=\"https:\/\/www.hsu-hh.de\/asv\/wp-content\/uploads\/sites\/776\/2018\/02\/Pr\u00fcfung.png\" alt=\"Pr\u00fcfung\" width=\"116\" height=\"145\" srcset=\"https:\/\/www.hsu-hh.de\/asv\/wp-content\/uploads\/sites\/776\/2018\/02\/Pr\u00fcfung.png 241w, https:\/\/www.hsu-hh.de\/asv\/wp-content\/uploads\/sites\/776\/2018\/02\/Pr\u00fcfung-240x300.png 240w\" sizes=\"auto, (max-width: 116px) 100vw, 116px\" \/><\/a><\/h3>\n<h3 style=\"text-align: center\"><a href=\"https:\/\/www.hsu-hh.de\/asv\/allgemeine-pruefungsordnung-alt\/\">Allgemeine Pr\u00fcfungsordnung<\/a><\/h3>\n<\/div>\n<div class=\"content-block3\">\n<h3 style=\"text-align: center\"><a href=\"https:\/\/www.hsu-hh.de\/asv\/?page_id=1541&amp;preview=true\"><img loading=\"lazy\" decoding=\"async\" class=\"alignnone wp-image-2943\" src=\"https:\/\/www.hsu-hh.de\/asv\/wp-content\/uploads\/sites\/776\/2018\/02\/Lehren-2.png\" alt=\"Lehren 2\" width=\"249\" height=\"145\" srcset=\"https:\/\/www.hsu-hh.de\/asv\/wp-content\/uploads\/sites\/776\/2018\/02\/Lehren-2.png 780w, https:\/\/www.hsu-hh.de\/asv\/wp-content\/uploads\/sites\/776\/2018\/02\/Lehren-2-300x175.png 300w, https:\/\/www.hsu-hh.de\/asv\/wp-content\/uploads\/sites\/776\/2018\/02\/Lehren-2-768x447.png 768w\" sizes=\"auto, (max-width: 249px) 100vw, 249px\" \/><\/a><\/h3>\n<h3 style=\"text-align: center\"><a href=\"https:\/\/www.hsu-hh.de\/asv\/?page_id=1541&amp;preview=true\">FSPOs der Studieng\u00e4nge<\/a><\/h3>\n<\/div>\n<div class=\"content-block3\">\n<h3 style=\"text-align: center\"><a href=\"https:\/\/www.hsu-hh.de\/asv\/?page_id=412&amp;preview=true\"><img loading=\"lazy\" decoding=\"async\" class=\"alignnone wp-image-2964\" src=\"https:\/\/www.hsu-hh.de\/asv\/wp-content\/uploads\/sites\/776\/2018\/02\/Lehren-3.png\" alt=\"Lehren 3\" width=\"249\" height=\"145\" srcset=\"https:\/\/www.hsu-hh.de\/asv\/wp-content\/uploads\/sites\/776\/2018\/02\/Lehren-3.png 780w, https:\/\/www.hsu-hh.de\/asv\/wp-content\/uploads\/sites\/776\/2018\/02\/Lehren-3-300x175.png 300w, https:\/\/www.hsu-hh.de\/asv\/wp-content\/uploads\/sites\/776\/2018\/02\/Lehren-3-768x447.png 768w\" sizes=\"auto, (max-width: 249px) 100vw, 249px\" \/><\/a><\/h3>\n<h3 style=\"text-align: center\"><a href=\"https:\/\/www.hsu-hh.de\/asv\/?page_id=412&amp;preview=true\">SPOs der weiterbildenden Studieng\u00e4nge<\/a><\/h3>\n<\/div>\n","protected":false},"excerpt":{"rendered":"<p>Hier finden Sie die Studien- und Pr\u00fcfungsordnungen f\u00fcr die einzelnen Studieng\u00e4nge sowie die Allgemeine Pr\u00fcfungsordnung. Allgemeine Pr\u00fcfungsordnung FSPOs der Studieng\u00e4nge SPOs der weiterbildenden Studieng\u00e4nge<\/p>\n","protected":false},"author":865,"featured_media":0,"parent":0,"menu_order":0,"comment_status":"closed","ping_status":"closed","template":"","meta":{"footnotes":""},"categories":[4],"tags":[],"class_list":["post-217","page","type-page","status-publish","hentry","category-forschung"],"_links":{"self":[{"href":"https:\/\/www.hsu-hh.de\/asv\/wp-json\/wp\/v2\/pages\/217","targetHints":{"allow":["GET"]}}],"collection":[{"href":"https:\/\/www.hsu-hh.de\/asv\/wp-json\/wp\/v2\/pages"}],"about":[{"href":"https:\/\/www.hsu-hh.de\/asv\/wp-json\/wp\/v2\/types\/page"}],"author":[{"embeddable":true,"href":"https:\/\/www.hsu-hh.de\/asv\/wp-json\/wp\/v2\/users\/865"}],"replies":[{"embeddable":true,"href":"https:\/\/www.hsu-hh.de\/asv\/wp-json\/wp\/v2\/comments?post=217"}],"version-history":[{"count":90,"href":"https:\/\/www.hsu-hh.de\/asv\/wp-json\/wp\/v2\/pages\/217\/revisions"}],"predecessor-version":[{"id":7024,"href":"https:\/\/www.hsu-hh.de\/asv\/wp-json\/wp\/v2\/pages\/217\/revisions\/7024"}],"wp:attachment":[{"href":"https:\/\/www.hsu-hh.de\/asv\/wp-json\/wp\/v2\/media?parent=217"}],"wp:term":[{"taxonomy":"category","embeddable":true,"href":"https:\/\/www.hsu-hh.de\/asv\/wp-json\/wp\/v2\/categories?post=217"},{"taxonomy":"post_tag","embeddable":true,"href":"https:\/\/www.hsu-hh.de\/asv\/wp-json\/wp\/v2\/tags?post=217"}],"curies":[{"name":"wp","href":"https:\/\/api.w.org\/{rel}","templated":true}]}}