{"id":73,"date":"2017-07-03T15:52:08","date_gmt":"2017-07-03T13:52:08","guid":{"rendered":"https:\/\/www.hsu-hh.de\/vorlage\/?page_id=73"},"modified":"2021-05-05T10:40:54","modified_gmt":"2021-05-05T08:40:54","slug":"startseite","status":"publish","type":"page","link":"https:\/\/www.hsu-hh.de\/apo\/","title":{"rendered":"Professur f\u00fcr Arbeit, Personal und Organisation"},"content":{"rendered":"<p><strong>Prof. <abbr title=\"Doktor\">Dr.<\/abbr> Sven Hauff<\/strong><\/p>\n\n\n<div style=\"height:35px\" aria-hidden=\"true\" class=\"wp-block-spacer\"><\/div>\n\n\n\n<div class=\"wp-block-columns is-layout-flex wp-container-core-columns-is-layout-9d6595d7 wp-block-columns-is-layout-flex\">\n<div class=\"wp-block-column is-layout-flow wp-block-column-is-layout-flow\" style=\"flex-basis:66.66%\">\n<p>In unserer Lehre und Forschung zielen wir auf ein ganzheitliches Verst\u00e4ndnis von Personalmanagement. Hierzu geh\u00f6rt neben der grundlegenden Frage der Gestaltung des Human Resource Managements (HRM) und dessen Wirkungen auf Arbeitnehmer und Unternehmen auch die Einbindung des HRM in den gesamtorganisationalen Kontext.<\/p>\n\n\n\n<p>In unseren Lehrveranstaltungen m\u00f6chten wir den Studierenden einen breiten Sachverstand sowie zentrale Schl\u00fcsselqualifikationen zur Bew\u00e4ltigung des beruflichen Alltags vermitteln. \u00dcber eine kritisch-reflektive Auseinandersetzung soll dabei die Urteilskraft in Bezug auf personalwirtschaftliche und organisationale Sachverhalte gest\u00e4rkt werden. Hierbei legen wir besonderen Wert auf theoretische Fundierung, Praxisrelevanz und Interdisziplinarit\u00e4t.<\/p>\n\n\n\n<p>Einen speziellen Forschungsschwerpunkt bilden die Determinanten und Wirkungen von HRM Systemen als spezifische B\u00fcndel bzw. Konfigurationen von HRM Praktiken. Zentral ist dabei der Einfluss des HRM auf die Arbeitsqualit\u00e4t und das Wohlbefinden der Besch\u00e4ftigten (insb. Arbeitszufriedenheit, physische Gesundheit und psychisches Wohlergehen), da diese entscheidend f\u00fcr Engagement, Leistung und Commitment der Besch\u00e4ftigten sind. Zudem wird analysiert, inwieweit die Wirkungen des HRM&nbsp;von bestimmten institutionellen und kulturellen Bedingungen abh\u00e4ngen.<\/p>\n<\/div>\n\n\n\n<div class=\"wp-block-column is-layout-flow wp-block-column-is-layout-flow\" style=\"flex-basis:33.33%\">\n<figure class=\"wp-block-image size-large\"><img loading=\"lazy\" decoding=\"async\" width=\"1024\" height=\"683\" src=\"https:\/\/www.hsu-hh.de\/apo\/wp-content\/uploads\/sites\/801\/2019\/11\/Jason-Wong-on-Unsplash-1024x683.jpg\" data-credit=\"Photo by Jason Wong on Unsplash\" alt=\"APO Start Image1\" class=\"wp-image-908\" srcset=\"https:\/\/www.hsu-hh.de\/apo\/wp-content\/uploads\/sites\/801\/2019\/11\/Jason-Wong-on-Unsplash-1024x683.jpg 1024w, https:\/\/www.hsu-hh.de\/apo\/wp-content\/uploads\/sites\/801\/2019\/11\/Jason-Wong-on-Unsplash-300x200.jpg 300w, https:\/\/www.hsu-hh.de\/apo\/wp-content\/uploads\/sites\/801\/2019\/11\/Jason-Wong-on-Unsplash-768x512.jpg 768w\" sizes=\"auto, (max-width: 1024px) 100vw, 1024px\" \/><\/figure>\n<\/div>\n<\/div>\n","protected":false},"excerpt":{"rendered":"<p>Prof. Dr. Sven Hauff In unserer Lehre und Forschung zielen wir auf ein ganzheitliches Verst\u00e4ndnis von Personalmanagement. Hierzu geh\u00f6rt neben der grundlegenden Frage der Gestaltung des Human Resource Managements (HRM) [&hellip;]<\/p>\n","protected":false},"author":1,"featured_media":0,"parent":0,"menu_order":0,"comment_status":"closed","ping_status":"closed","template":"","meta":{"footnotes":""},"categories":[35],"tags":[40,48,46,44,42],"class_list":["post-73","page","type-page","status-publish","hentry","category-startseite","tag-arbeit","tag-hauff","tag-human-resource-management","tag-organisation","tag-personal"],"_links":{"self":[{"href":"https:\/\/www.hsu-hh.de\/apo\/wp-json\/wp\/v2\/pages\/73","targetHints":{"allow":["GET"]}}],"collection":[{"href":"https:\/\/www.hsu-hh.de\/apo\/wp-json\/wp\/v2\/pages"}],"about":[{"href":"https:\/\/www.hsu-hh.de\/apo\/wp-json\/wp\/v2\/types\/page"}],"author":[{"embeddable":true,"href":"https:\/\/www.hsu-hh.de\/apo\/wp-json\/wp\/v2\/users\/1"}],"replies":[{"embeddable":true,"href":"https:\/\/www.hsu-hh.de\/apo\/wp-json\/wp\/v2\/comments?post=73"}],"version-history":[{"count":15,"href":"https:\/\/www.hsu-hh.de\/apo\/wp-json\/wp\/v2\/pages\/73\/revisions"}],"predecessor-version":[{"id":1202,"href":"https:\/\/www.hsu-hh.de\/apo\/wp-json\/wp\/v2\/pages\/73\/revisions\/1202"}],"wp:attachment":[{"href":"https:\/\/www.hsu-hh.de\/apo\/wp-json\/wp\/v2\/media?parent=73"}],"wp:term":[{"taxonomy":"category","embeddable":true,"href":"https:\/\/www.hsu-hh.de\/apo\/wp-json\/wp\/v2\/categories?post=73"},{"taxonomy":"post_tag","embeddable":true,"href":"https:\/\/www.hsu-hh.de\/apo\/wp-json\/wp\/v2\/tags?post=73"}],"curies":[{"name":"wp","href":"https:\/\/api.w.org\/{rel}","templated":true}]}}