{"id":591,"date":"2019-10-29T09:50:08","date_gmt":"2019-10-29T08:50:08","guid":{"rendered":"https:\/\/www.hsu-hh.de\/apo\/?page_id=591"},"modified":"2025-04-04T12:31:04","modified_gmt":"2025-04-04T10:31:04","slug":"hrm-strategie-studie","status":"publish","type":"page","link":"https:\/\/www.hsu-hh.de\/apo\/hrm-strategie-studie","title":{"rendered":"Studie: HRM-Strategie &#8211; Performance und Well-Being"},"content":{"rendered":"<p>Bei der Gestaltung des Personalmanagement stehen der Unternehmenserfolg und das Wohlbefinden (Well-being) der Besch\u00e4ftigten gleicherma\u00dfen im Vordergrund. Beide Aspekte sind nicht losgel\u00f6st voneinander zu betrachten: Arbeitszufriedenheit und Gesundheit haben einen entscheidenden Einfluss auf Engagement, Leistung und Commitment der Besch\u00e4ftigten und sind daher auch aus einem \u00f6konomischen Blickwinkel relevant.<\/p>\n<p>Die sich ver\u00e4ndernden Arbeitsbedingungen f\u00fchren allerdings mitunter zu steigenden Anforderungen und <img loading=\"lazy\" decoding=\"async\" class=\"wp-image-966 alignright\" src=\"https:\/\/www.hsu-hh.de\/apo\/wp-content\/uploads\/sites\/801\/2019\/11\/paper-3213924_1280.jpg\" alt=\".\" width=\"240\" height=\"151\" data-credit=\"by Pixabay\" srcset=\"https:\/\/www.hsu-hh.de\/apo\/wp-content\/uploads\/sites\/801\/2019\/11\/paper-3213924_1280.jpg 1280w, https:\/\/www.hsu-hh.de\/apo\/wp-content\/uploads\/sites\/801\/2019\/11\/paper-3213924_1280-300x189.jpg 300w, https:\/\/www.hsu-hh.de\/apo\/wp-content\/uploads\/sites\/801\/2019\/11\/paper-3213924_1280-768x484.jpg 768w, https:\/\/www.hsu-hh.de\/apo\/wp-content\/uploads\/sites\/801\/2019\/11\/paper-3213924_1280-1024x646.jpg 1024w\" sizes=\"auto, (max-width: 240px) 100vw, 240px\" \/>Belastung bei der Arbeit. Das Personalmanagement ist daher in der schwierigen Situation Leistung und Wohlbefinden von Besch\u00e4ftigten gleicherma\u00dfen zu optimieren. Die Vereinbarkeit dieser beiden Aspekte wirft allerdings ganz neue Herausforderungen f\u00fcr die Personalarbeit in der Praxis auf.<\/p>\n<p>Im Rahmen einer gro\u00df angelegten Studie gehen wir diesen Fragen umfassend auf den Grund und leiten Handlungsempfehlungen f\u00fcr die Praxis ab.<\/p>\n<h3>Worum geht es?<\/h3>\n<p>Ziel unserer Studie ist es, mehr \u00fcber die Arbeitssituation der Menschen in Deutschland zu erfahren. Insbesondere m\u00f6chten wir verstehen, wie das Personalmanagement in deutschen Betrieben gestaltet ist, und wie es um das Wohlbefinden der Besch\u00e4ftigten steht.<\/p>\n<p>Welche Personalma\u00dfnahmen haben welche Wirkung auf Leistung und Wohlbefinden und wie h\u00e4ngen diese zusammen? Welche \u00e4u\u00dferen Faktoren beeinflussen den Erfolg einer Personalma\u00dfnahme? Welche Rolle spielt dabei F\u00fchrung oder die individuelle Wahrnehmung von Mitarbeitern?<\/p>\n<p>Die Studie nimmt einen ganzheitlichen Blick ein und befragt sowohl Personalverantwortliche als auch Besch\u00e4ftigte. Durch die Auswertung von Daten aus verschiedenen Branchen und Unternehmen k\u00f6nnen umfassende Erkenntnisse und Handlungsempfehlungen f\u00fcr das Human Ressource Management gewonnen werden.<\/p>\n<h3>Wer kann mitmachen?<\/h3>\n<p><img loading=\"lazy\" decoding=\"async\" class=\"wp-image-968 alignright\" src=\"https:\/\/www.hsu-hh.de\/apo\/wp-content\/uploads\/sites\/801\/2019\/11\/writing-1149962_1280.jpg\" alt=\"-\" width=\"195\" height=\"130\" data-credit=\"-\" srcset=\"https:\/\/www.hsu-hh.de\/apo\/wp-content\/uploads\/sites\/801\/2019\/11\/writing-1149962_1280.jpg 1280w, https:\/\/www.hsu-hh.de\/apo\/wp-content\/uploads\/sites\/801\/2019\/11\/writing-1149962_1280-300x200.jpg 300w, https:\/\/www.hsu-hh.de\/apo\/wp-content\/uploads\/sites\/801\/2019\/11\/writing-1149962_1280-768x512.jpg 768w, https:\/\/www.hsu-hh.de\/apo\/wp-content\/uploads\/sites\/801\/2019\/11\/writing-1149962_1280-1024x683.jpg 1024w\" sizes=\"auto, (max-width: 195px) 100vw, 195px\" \/><\/p>\n<p>Der Fragebogen richtet sich an Personalverantwortliche und Mitarbeiter in deutschen Organisationen mit mindestens 25 Besch\u00e4ftigten. Gemeint sind damit sowohl Wirtschaftsbetriebe, gemeinn\u00fctzige Betriebe als auch \u00f6ffentliche Einrichtungen (Verwaltungen, Beh\u00f6rden, Institutionen).<\/p>\n<h3>Wie profitieren die Unternehmen<\/h3>\n<p>Ziel der Studie ist es, zentrale Aspekte der Personalarbeit zu erfassen und mit den f\u00fcr Unternehmen relevantesten Zielgr\u00f6\u00dfen in Verbindung zu bringen. Durch die gro\u00dfe Themenvielfalt und die Tatsache, dass die Umfrage sowohl auf der Management- als auch der Individual-Ebene durchgef\u00fchrt wird, k\u00f6nnen umfassende Erkenntnisse f\u00fcr die strategische und praktische Personalarbeit gewonnen werden.<\/p>\n<p>Teilnehmende Unternehmen erhalten einen individuellen Ergebnisbericht, welcher einen wissenschaftlich <img loading=\"lazy\" decoding=\"async\" class=\"wp-image-964 alignright\" src=\"https:\/\/www.hsu-hh.de\/apo\/wp-content\/uploads\/sites\/801\/2019\/11\/financial-2860753_1280.jpg\" alt=\"-\" width=\"196\" height=\"130\" data-credit=\" \" srcset=\"https:\/\/www.hsu-hh.de\/apo\/wp-content\/uploads\/sites\/801\/2019\/11\/financial-2860753_1280.jpg 1280w, https:\/\/www.hsu-hh.de\/apo\/wp-content\/uploads\/sites\/801\/2019\/11\/financial-2860753_1280-300x199.jpg 300w, https:\/\/www.hsu-hh.de\/apo\/wp-content\/uploads\/sites\/801\/2019\/11\/financial-2860753_1280-768x508.jpg 768w, https:\/\/www.hsu-hh.de\/apo\/wp-content\/uploads\/sites\/801\/2019\/11\/financial-2860753_1280-1024x678.jpg 1024w\" sizes=\"auto, (max-width: 196px) 100vw, 196px\" \/>fundierten Einblick in das Personalmanagement der jeweiligen Organisation bietet. Hierin enthalten sind etwa Informationen \u00fcber die Wahrnehmung des Personalmanagements sowie Aussagen zur Zufriedenheit, Leistung und Gesundheit der Besch\u00e4ftigten. Zudem erfahren die Unternehmen, wie sie in den verschiedenen Bereichen im Vergleich zu anderen Unternehmen stehen.<\/p>\n<h3>Langfristige Kooperation<\/h3>\n<p>Als praxisorientierter Forschungsbereich sind wir daran interessiert, Firmen f\u00fcr unser Netzwerk zu gewinnen. Eine langfristige Kooperation erm\u00f6glicht es Befragungen zu wiederholen, um Ver\u00e4nderungen und Trends in ihrer Organisation \u00fcber einen l\u00e4ngeren Zeitraum erfassen zu k\u00f6nnen. Durch unsere Forschungsarbeit im Bereich Human Ressource Management profitieren Sie damit nicht nur von neusten wissenschaftlichen Erkenntnissen, sondern verf\u00fcgen gleicherma\u00dfen \u00fcber ein Instrument zur Evaluation von Ver\u00e4nderungsprozessen in ihrer Organisation.<\/p>\n<h3>Teilnahme<\/h3>\n<p>Kontaktieren Sie uns bei Interesse oder Fragen gerne per E-Mail oder Telefon:<\/p>\n<p><strong>E-Mail:<\/strong> hauff@hsu-hh.de<\/p>\n<p><strong>Telefon:<\/strong> +49 40 6541-2883<\/p>\n","protected":false},"excerpt":{"rendered":"<p>Bei der Gestaltung des Personalmanagement stehen der Unternehmenserfolg und das Wohlbefinden (Well-being) der Besch\u00e4ftigten gleicherma\u00dfen im Vordergrund. Beide Aspekte sind nicht losgel\u00f6st voneinander zu betrachten: Arbeitszufriedenheit und Gesundheit haben einen [&hellip;]<\/p>\n","protected":false},"author":2351,"featured_media":0,"parent":0,"menu_order":0,"comment_status":"closed","ping_status":"closed","template":"","meta":{"footnotes":""},"categories":[4],"tags":[],"class_list":["post-591","page","type-page","status-publish","hentry","category-forschung"],"_links":{"self":[{"href":"https:\/\/www.hsu-hh.de\/apo\/wp-json\/wp\/v2\/pages\/591","targetHints":{"allow":["GET"]}}],"collection":[{"href":"https:\/\/www.hsu-hh.de\/apo\/wp-json\/wp\/v2\/pages"}],"about":[{"href":"https:\/\/www.hsu-hh.de\/apo\/wp-json\/wp\/v2\/types\/page"}],"author":[{"embeddable":true,"href":"https:\/\/www.hsu-hh.de\/apo\/wp-json\/wp\/v2\/users\/2351"}],"replies":[{"embeddable":true,"href":"https:\/\/www.hsu-hh.de\/apo\/wp-json\/wp\/v2\/comments?post=591"}],"version-history":[{"count":29,"href":"https:\/\/www.hsu-hh.de\/apo\/wp-json\/wp\/v2\/pages\/591\/revisions"}],"predecessor-version":[{"id":1391,"href":"https:\/\/www.hsu-hh.de\/apo\/wp-json\/wp\/v2\/pages\/591\/revisions\/1391"}],"wp:attachment":[{"href":"https:\/\/www.hsu-hh.de\/apo\/wp-json\/wp\/v2\/media?parent=591"}],"wp:term":[{"taxonomy":"category","embeddable":true,"href":"https:\/\/www.hsu-hh.de\/apo\/wp-json\/wp\/v2\/categories?post=591"},{"taxonomy":"post_tag","embeddable":true,"href":"https:\/\/www.hsu-hh.de\/apo\/wp-json\/wp\/v2\/tags?post=591"}],"curies":[{"name":"wp","href":"https:\/\/api.w.org\/{rel}","templated":true}]}}