{"id":1015,"date":"2017-11-10T11:14:51","date_gmt":"2017-11-10T10:14:51","guid":{"rendered":"https:\/\/www.hsu-hh.de\/ant\/?page_id=1015"},"modified":"2025-04-02T17:21:41","modified_gmt":"2025-04-02T15:21:41","slug":"bhattacharya","status":"publish","type":"page","link":"https:\/\/www.hsu-hh.de\/ant\/en\/team\/bhattacharya","title":{"rendered":"Dr.-Ing. Purbaditya Bhattacharya"},"content":{"rendered":"<div class=\"ansprechparter-container\">\n<div class=\"row ansprechpartner-item ansprechparter-header\">\n<div class=\"col-md-4 col-lg-3 col-xs-4 ansprechpartner-item floatright img-circle center-block\" style=\"margin-bottom: 30px\">\n<div class=\"img-responsive-wrapper\"><img loading=\"lazy\" decoding=\"async\" class=\"size-thumbnail wp-image-1819 alignright\" src=\"https:\/\/www.hsu-hh.de\/ant\/wp-content\/uploads\/sites\/699\/2020\/04\/IMG_20191227_151052-1-150x150.jpg\" alt=\"---\" width=\"150\" height=\"150\" data-credit=\"---\" srcset=\"https:\/\/www.hsu-hh.de\/ant\/wp-content\/uploads\/sites\/699\/2020\/04\/IMG_20191227_151052-1-150x150.jpg 150w, https:\/\/www.hsu-hh.de\/ant\/wp-content\/uploads\/sites\/699\/2020\/04\/IMG_20191227_151052-1-100x100.jpg 100w\" sizes=\"auto, (max-width: 150px) 100vw, 150px\" \/><\/div>\n<\/div>\n<div class=\"col-md-12 col-lg-3 col-xs-12 ansprechpartner-item kontakt floatright\" style=\"margin-bottom: 30px\">\n<div class=\"row\">\n<div class=\"col-xs-12 col-sm-6 col-lg-12\">\n<div class=\"row\">\n<div class=\"col-xs-12 col-lg-4 row-text bold\">Room:<\/div>\n<div class=\"col-xs-12 col-lg-8 row-text\">117<\/div>\n<\/div>\n<\/div>\n<div class=\"col-xs-12 col-sm-6 col-lg-12\">\n<div class=\"row\">\n<div class=\"col-xs-12 col-lg-4 row-text bold\">Phone:<\/div>\n<div class=\"col-xs-12 col-lg-8 row-text\">+49-40-6541-3738<\/div>\n<\/div>\n<\/div>\n<div class=\"col-xs-12 col-sm-6 col-lg-12\">\n<div class=\"row\">\n<div class=\"col-xs-12 col-lg-4 row-text bold\">Fax:<\/div>\n<div class=\"col-xs-12 col-lg-8 row-text\">+49-40-6541-2834<\/div>\n<\/div>\n<\/div>\n<div class=\"col-xs-12 col-sm-6 col-lg-12\">\n<div class=\"row\">\n<div class=\"col-xs-12 col-md-12 row-text bold\">Email:<\/div>\n<div class=\"col-xs-12 col-md-12 row-text\"><a href=\"bhattacp@hsu-hh.de\" rel='nofollow'>bhattacp@hsu-hh.de<\/a><\/div>\n<div><\/div>\n<div class=\"col-xs-12 col-md-12 row-text\"><strong>Github: <\/strong><\/div>\n<div class=\"col-xs-12 col-md-12 row-text\"><a href=\"https:\/\/github.com\/purbaditya\" rel='nofollow'>https:\/\/github.com\/purbaditya<\/a><strong><br \/>\n<\/strong><\/div>\n<\/div>\n<\/div>\n<\/div>\n<div class=\"row\">\n<div><\/div>\n<\/div>\n<\/div>\n<div class=\"col-md-6 col-lg-3 col-xs-12 ansprechpartner-item anschrift floatright\">\n<div class=\"row-headline\">Visiting Address<\/div>\n<div><\/div>\n<div class=\"row-text\">Helmut-Schmidt-University<\/div>\n<div class=\"row-text\">Building H3<\/div>\n<div class=\"row-text\">Holstenhofweg 85<\/div>\n<div class=\"row-text\">22043 Hamburg<\/div>\n<\/div>\n<div class=\"col-md-6 col-lg-3 col-xs-12 ansprechpartner-item anschrift floatright\">\n<div class=\"row-headline\">Address<\/div>\n<div><\/div>\n<div class=\"row-text\">Helmut-Schmidt-University<\/div>\n<div class=\"row-text\">Department of Electrical Engineering<\/div>\n<div class=\"row-text\">Signal Processing and Communications<\/div>\n<div class=\"row-text\">P.O. Box 70 08 22<\/div>\n<div class=\"row-text\">22008 Hamburg<\/div>\n<\/div>\n<\/div>\n<\/div>\n<div class=\"clearfix\"><\/div>\n<div class=\"clearfix\">\n<h3><strong>Research<\/strong><\/h3>\n<h3><strong>Deep Learning<\/strong><\/h3>\n<ul>\n<li><em>Convolution Neural Network Applications<\/em><\/li>\n<\/ul>\n<\/div>\n<div class=\"clearfix\">\u00a0<img loading=\"lazy\" decoding=\"async\" class=\"aligncenter size-full wp-image-460\" src=\"https:\/\/www.hsu-hh.de\/ant\/wp-content\/uploads\/sites\/699\/2017\/10\/CNNapp.png\" alt=\"cnnapp\" width=\"500\" height=\"400\" srcset=\"https:\/\/www.hsu-hh.de\/ant\/wp-content\/uploads\/sites\/699\/2017\/10\/CNNapp.png 500w, https:\/\/www.hsu-hh.de\/ant\/wp-content\/uploads\/sites\/699\/2017\/10\/CNNapp-300x240.png 300w\" sizes=\"auto, (max-width: 500px) 100vw, 500px\" \/><\/div>\n<div class=\"clearfix\"><\/div>\n<div class=\"clearfix\">\n<h3><strong>Image\/Video Enhancement<\/strong><\/h3>\n<ul>\n<li><em>Denoising<\/em><\/li>\n<li><em>Super-resolution<\/em><\/li>\n<\/ul>\n<p><img loading=\"lazy\" decoding=\"async\" class=\"aligncenter size-full wp-image-445\" src=\"https:\/\/www.hsu-hh.de\/ant\/wp-content\/uploads\/sites\/699\/2017\/10\/SRDN.png\" alt=\"SRDN\" width=\"404\" height=\"452\" srcset=\"https:\/\/www.hsu-hh.de\/ant\/wp-content\/uploads\/sites\/699\/2017\/10\/SRDN.png 404w, https:\/\/www.hsu-hh.de\/ant\/wp-content\/uploads\/sites\/699\/2017\/10\/SRDN-268x300.png 268w\" sizes=\"auto, (max-width: 404px) 100vw, 404px\" \/><\/p>\n<ul>\n<li><em>Video Stabilization<\/em><\/li>\n<\/ul>\n<p><img loading=\"lazy\" decoding=\"async\" class=\"aligncenter size-full wp-image-457\" src=\"https:\/\/www.hsu-hh.de\/ant\/wp-content\/uploads\/sites\/699\/2017\/10\/stabilize1.png\" alt=\"stabilize\" width=\"500\" height=\"300\" srcset=\"https:\/\/www.hsu-hh.de\/ant\/wp-content\/uploads\/sites\/699\/2017\/10\/stabilize1.png 500w, https:\/\/www.hsu-hh.de\/ant\/wp-content\/uploads\/sites\/699\/2017\/10\/stabilize1-300x180.png 300w\" sizes=\"auto, (max-width: 500px) 100vw, 500px\" \/><\/p>\n<h3>&#8212;&#8212;&#8212;&#8212;&#8212;&#8212;&#8212;&#8212;&#8212;&#8212;&#8212;&#8212;&#8212;&#8212;&#8212;&#8212;&#8212;&#8212;&#8212;&#8212;&#8212;&#8212;&#8212;&#8212;&#8212;&#8212;&#8212;&#8212;&#8212;&#8212;&#8212;&#8212;&#8212;&#8212;&#8212;&#8212;&#8212;&#8212;&#8212;&#8212;&#8212;&#8212;&#8212;&#8212;&#8212;&#8212;&#8212;&#8212;&#8212;&#8212;&#8212;&#8212;&#8212;&#8212;&#8212;&#8212;&#8212;&#8212;&#8212;&#8212;&#8212;&#8212;&#8212;&#8212;&#8212;&#8212;&#8212;&#8212;&#8212;&#8212;&#8212;&#8212;&#8212;-<\/h3>\n<h3><strong>Whale Detection<\/strong><\/h3>\n<ul>\n<li><em>Objekt Detection<\/em><\/li>\n<li><em>Whale (Harbour Porpoise) Classification<\/em><\/li>\n<\/ul>\n<\/div>\n<div class=\"clearfix\">\n<p><img loading=\"lazy\" decoding=\"async\" class=\"aligncenter size-full wp-image-418\" src=\"https:\/\/www.hsu-hh.de\/ant\/wp-content\/uploads\/sites\/699\/2017\/10\/Detektion.png\" alt=\"Detektion\" width=\"804\" height=\"500\" srcset=\"https:\/\/www.hsu-hh.de\/ant\/wp-content\/uploads\/sites\/699\/2017\/10\/Detektion.png 804w, https:\/\/www.hsu-hh.de\/ant\/wp-content\/uploads\/sites\/699\/2017\/10\/Detektion-300x187.png 300w, https:\/\/www.hsu-hh.de\/ant\/wp-content\/uploads\/sites\/699\/2017\/10\/Detektion-768x478.png 768w\" sizes=\"auto, (max-width: 804px) 100vw, 804px\" \/><\/p>\n<\/div>\n<div class=\"clearfix\">\n<p>&#8212;&#8212;&#8212;&#8212;&#8212;&#8212;&#8212;&#8212;&#8212;&#8212;&#8212;&#8212;&#8212;&#8212;&#8212;&#8212;&#8212;&#8212;&#8212;&#8212;&#8212;&#8212;&#8212;&#8212;&#8212;&#8212;&#8212;&#8212;&#8212;&#8212;&#8212;&#8212;&#8212;&#8212;&#8212;&#8212;&#8212;&#8212;&#8212;&#8212;&#8212;&#8212;&#8212;&#8212;&#8212;&#8212;&#8212;&#8212;&#8212;&#8212;&#8212;&#8212;&#8212;&#8212;&#8212;&#8212;&#8212;&#8212;&#8212;&#8212;&#8212;&#8212;&#8212;&#8212;&#8212;&#8212;&#8212;&#8212;&#8212;&#8212;&#8212;&#8212;<\/p>\n<h3><strong>Audio Signal Processing<\/strong><\/h3>\n<ul>\n<li><em>Measurement and TF computation for ANC-Headphone<\/em><\/li>\n<li><em>Deep Learning based audio signal enhancement, pitch detection<\/em><\/li>\n<li><em>Learning based HRTF approximation, differentiable filter design<\/em><\/li>\n<\/ul>\n<h3>&#8212;&#8212;&#8212;&#8212;&#8212;&#8212;&#8212;&#8212;&#8212;&#8212;&#8212;&#8212;&#8212;&#8212;&#8212;&#8212;&#8212;&#8212;&#8212;&#8212;&#8212;&#8212;&#8212;&#8212;&#8212;&#8212;&#8212;&#8212;&#8212;&#8212;&#8212;&#8212;&#8212;&#8212;&#8212;&#8212;&#8212;&#8212;&#8212;&#8212;&#8212;&#8212;&#8212;&#8212;&#8212;&#8212;&#8212;&#8212;&#8212;&#8212;&#8212;&#8212;&#8212;&#8212;&#8212;&#8212;&#8212;&#8212;&#8212;&#8212;&#8212;&#8212;&#8212;&#8212;&#8212;&#8212;&#8212;&#8212;&#8212;&#8212;&#8212;&#8212;&#8212;-<\/h3>\n<h3><strong>Drone Detection from Images\/Video over 5G Networks<\/strong><\/h3>\n<ul>\n<li><em>Imagedata (RGB and Infrared) transfer from camera to computer via 5G-Campusnetz<\/em><\/li>\n<li><em>Detection of drones with deep learning<\/em><\/li>\n<li><em><a href=\"https:\/\/dtecbw.de\/home\/forschung\/hsu\/projekt-ds2ccp\/projekt-ds2ccp\" rel='nofollow'>Sub-project of the dtec.bw project &#8211; Digitale Sensor-2-Cloud Campus-Plattform<\/a><\/em><\/li>\n<\/ul>\n<div style=\"width: 1920px;\" class=\"wp-video\"><video class=\"wp-video-shortcode\" id=\"video-1015-1\" width=\"1920\" height=\"1080\" preload=\"metadata\" controls=\"controls\"><source type=\"video\/mp4\" src=\"https:\/\/www.hsu-hh.de\/ant\/wp-content\/uploads\/sites\/699\/2025\/03\/example.mp4?_=1\" \/><a href=\"https:\/\/www.hsu-hh.de\/ant\/wp-content\/uploads\/sites\/699\/2025\/03\/example.mp4\">https:\/\/www.hsu-hh.de\/ant\/wp-content\/uploads\/sites\/699\/2025\/03\/example.mp4<\/a><\/video><\/div>\n<\/div>\n<h3><\/h3>\n<div class=\"clearfix\">\n<h3><span style=\"text-decoration: underline\"><strong>Supervised Thesis<\/strong><\/span><\/h3>\n<p>Mahesh Sulugodu Manjunatha &#8211; Semantic Segmentation using Convolutional Neural Networks, Master Thesis<br \/>\nChetan Mara &#8211; Ground Truth Data Generation for Image Segmentation with CNN, Student Project<br \/>\nShashikant Kulkarni &#8211; Preprocessing Methods for Image Segmentation with CNN, Student Project<br \/>\nSavan Rangeggowda &#8211; Scene Segmentation with Convolutional Neural Networks, Master Thesis<br \/>\nCarl Henning Cabos &#8211; Application of Convolutional Neural Networks for Pitch Detection, Master Thesis<br \/>\nChetan Mara &#8211;\u00a0 A Convolutional Neural Network for Video Stabilization, Master Thesis<br \/>\nShashikant Kulkarni &#8211; Convolutional Neural Networks for Image and Video Compression, Master Thesis<br \/>\nPascal Hampel\u00a0 &#8211;\u00a0 Classification of EMNIST Dataset with a Convolutional Neural Network, Bachelor Student Project<br \/>\nAswin Sampath Kumar &#8211; Neural Network Architectures for the Calculation of Psychoaccoustic Metrics, Master Thesis<br \/>\nPascal Hampel\u00a0 &#8211;\u00a0 Comparison of State-of-the-art Object Detectors for Airborne Use-cases, Bachelor Thesis<br \/>\nSubhashini Madhavan &#8211; Image Denoising using Deep Learning, Student Project<br \/>\nElif G\u00f6ks\u00fcg\u00fcr &#8211; Individualization of HRTFs with CNNs Based on Anthropometric Features, Master Thesis<br \/>\nCem Ayg\u00fcn &#8211; Classification of Handwritten Numbers and Letters using Convolutional Neural Network, Student Project<br \/>\nPraveen Krishna Murthy &#8211; Deep Learning based Pitch Detection, Master Thesis<br \/>\nPrathima Krishna Subramanian &#8211; Noise Level Estimation in Images with Convolutional Neural Network, Student Project<br \/>\nArunachalam Thirunavukkarasu &#8211; Speech Denoising using Convolutional Neural Network, Student Project<\/p>\n<p><strong><span style=\"text-decoration: underline\">Lecture\/Exercise<\/span><span style=\"text-decoration: underline\"><br \/>\n<\/span><\/strong><\/p>\n<p>Multimedia Signal Processing<\/p>\n<\/div>\n<p><span style=\"text-decoration: underline\"><strong>Publications \/ Conferences<\/strong><\/span><\/p>\n<ul>\n<li>P. Bhattacharya, P. Nowak: <a href=\"https:\/\/arxiv.org\/pdf\/2502.05292\" rel='nofollow'>Drone Detection and Tracking with YOLO and a Rule-based Method<\/a>, in ArXiv, https:\/\/doi.org\/10.48550\/arXiv.2502.05292<\/li>\n<li>U. Z\u00f6lzer, P. Nowak, P. Bhattacharya: MATLAB Competition : Audio Plug-In Development, 2024 AES Conference, Madrid, Spain<\/li>\n<li>P. Bhattacharya, P. Nowak, D. Ahlers, U. Z\u00f6lzer: A Dataset of Infrared Images for Deep Learning based Drone Detection, in 17th International Conference on Signal-Image Technology &amp; Internet-Based Systems (SITIS), Bangkok, Thailand, 8-10 November, 2023<\/li>\n<li>D. Ahlers, P. Bhattacharya, P. Nowak, U. Z\u00f6lzer: Shore Livecams: A Maritime Dataset for Deep Learning based Object Detection, in 17th International Conference on Signal-Image Technology &amp; Internet-Based Systems (SITIS), Bangkok, Thailand, 8-10 November, 2023<\/li>\n<li>E. Gerat, P. Bhattacharya, U. Z\u00f6lzer: <a href=\"https:\/\/www.researchgate.net\/publication\/373903584_A_Differentiable_Digital_Moog_Filter_for_Machine_Learning_Applications\" rel='nofollow'>A Differentiable Digital Moog Filter for Machine Learning Applications<\/a>, in 26th International Conference on Digital Audio Effects (DAFx23), Copenhagen, Denmark, 4-7 September, 2023<\/li>\n<li>P. Bhattacharya, P. Nowak, D. Ahlers, M. Holters, U. Z\u00f6lzer: <a href=\"https:\/\/openhsu.ub.hsu-hh.de\/handle\/10.24405\/14522\" rel='nofollow'>CNN based Drone Detection in Infrared Images<\/a>, in dtec. bw \u2013 Band 1, Hamburg, Germany, 2022<\/li>\n<li>U. Z\u00f6lzer, P. Nowak, P. Bhattacharya, <em>Room Simulation<\/em>, <a href=\"https:\/\/www.wiley.com\/en-us\/Digital+Audio+Signal+Processing%2C+3rd+Edition-p-9781119832690\" rel='nofollow'>Digital Audio Signal Processing<\/a>, 3rd Edition, Ch. 7, J. Wiley &amp; Sons, 2022<\/li>\n<li>U. Z\u00f6lzer, P. Bhattacharya, <em>Audio Coding<\/em>, <a href=\"https:\/\/www.wiley.com\/en-us\/Digital+Audio+Signal+Processing%2C+3rd+Edition-p-9781119832690\" rel='nofollow'>Digital Audio Signal Processing<\/a>, 3rd Edition, Ch. 9, J. Wiley &amp; Sons, 2022<\/li>\n<li>P. Bhattacharya, P. Nowak, U. Z\u00f6lzer, <em>Machine Learning for Audio<\/em>, <a href=\"https:\/\/www.wiley.com\/en-us\/Digital+Audio+Signal+Processing%2C+3rd+Edition-p-9781119832690\" rel='nofollow'>Digital Audio Signal Processing<\/a>, 3rd Edition, Ch. 11, J. Wiley &amp; Sons, 2022<\/li>\n<li>P. Bhattacharya: <a href=\"https:\/\/openhsu.ub.hsu-hh.de\/handle\/10.24405\/14267\" rel='nofollow'>Deep Learning for Image Enhancement<\/a>, Universit\u00e4tsbibliothek der <abbr title=\"Helmut Schmidt Universit\u00e4t\">HSU<\/abbr>\/<abbr title=\"Universit\u00e4t der Bundeswehr Hamburg\">UniBwH<\/abbr>, Hamburg, Germany, May, 2022<\/li>\n<li>P. Bhattacharya, U. Z\u00f6lzer: <a href=\"https:\/\/ieeexplore.ieee.org\/document\/9363375\" rel='nofollow'>Attentive Inception Module based Convolutional Neural Network for Image Enhancement<\/a>, Digital Image Computing: Techniques and Applications (DICTA), Melbourne, Australia, 29. Nov &#8211; 2. Dec, 2020<\/li>\n<li>P. Bhattacharya, P. Nowak, U. Z\u00f6lzer: <a href=\"https:\/\/www.hsu-hh.de\/ant\/wp-content\/uploads\/sites\/699\/2020\/09\/DAFx2020_paper_318.pdf\">Optimization of cascaded parametric peak and shelving filters with backpropagation algorithm<\/a>, 23rd International Conference on Digital Audio Effects (DAFx), Vienna, Austria, 9-11 September, 2020.<\/li>\n<li>P. Bhattacharya, U. Z\u00f6lzer: <a href=\"https:\/\/www.hsu-hh.de\/ant\/wp-content\/uploads\/sites\/699\/2020\/09\/wcci_powerpoint_template_times.pdf\">Convolutional Neural Network with Inception Blocks for Image Compression Artifact Reduction<\/a>, International Joint Conference on Neural Networks (IJCNN-WCCI), Glasgow, Scotland, 19-24 July, 2020.<\/li>\n<li>P. Bhattacharya, U. Z\u00f6lzer: <a href=\"https:\/\/ieeexplore.ieee.org\/document\/8852039\" rel='nofollow'>A Convolutional Neural Network with Two-Channel Input for Image Super-Resolution<\/a>, International Joint Conference on Neural Networks (IJCNN), Budapest, Hungary, 14-19 July, 2019.<\/li>\n<li>P. Bhattacharya, S.Wulf, U. Z\u00f6lzer: <a href=\"https:\/\/ieeexplore.ieee.org\/document\/8706232\" rel='nofollow'>Detection of Harbour Porpoise with Low-level Feature Extraction and Deep Learning based Classification<\/a>, 14th International Conference on Signal-Image Technology &amp; Internet-Based Systems (SITIS), Las Palmas de Gran Canaria, Spain, 26-29 November, 2018.<\/li>\n<li>P. Bhattacharya, J.Riechen, U. Z\u00f6lzer: <a href=\"https:\/\/www.hsu-hh.de\/ant\/wp-content\/uploads\/sites\/699\/2018\/10\/66187.pdf\">Infrared Image Enhancement in Maritime Environment with Convolutional Neural Networks<\/a>, 13th International Conference on Computer Vision Theory and Applications, VISAPP (VISIGRAPP), Madeira, Portugal, 27-29 January, 2018.<\/li>\n<li>P. Bhattacharya, G. Simkus, C. de Obald\u00eda, A. Kelm, U. Z\u00f6lzer: <a href=\"https:\/\/www.hsu-hh.de\/ant\/wp-content\/uploads\/sites\/699\/2017\/11\/PosterLSA2017_Bhattacharya.pdf\" target=\"_blank\" rel=\"noopener noreferrer\">Convolutional Neural Networks for Digital Signal Processing<\/a> (Poster), LSA2017 &#8211; L\u00fcbeck Summer Academy on Medical Technology, July 2017, L\u00fcbeck, Germany.<\/li>\n<li>P. Rivera Benois, P. Bhattacharya, U. Z\u00f6lzer: <a href=\"https:\/\/www.hsu-hh.de\/ant\/wp-content\/uploads\/sites\/699\/2017\/11\/Rivera_Bhattacharya_Zoelzer_2016_-_Derivation_Technique_for_Headphone_Transfer_Functions_Based_on_Sine_Sweeps_and_Least_Squares_Minimization.pdf\">Derivation Technique for Headphone Transfer Functions Based on Sine Sweeps and Least Squares Minimization<\/a>, Proceedings of the 45th International Congress and Exposition on Noise Control Engineering, INTER-NOISE, Hamburg, Germany, 21-24 August, 2016.<\/li>\n<\/ul>\n","protected":false},"excerpt":{"rendered":"<p>Room: 117 Phone: +49-40-6541-3738 Fax: +49-40-6541-2834 Email: bhattacp@hsu-hh.de Github: https:\/\/github.com\/purbaditya Visiting Address Helmut-Schmidt-University Building H3 Holstenhofweg 85 22043 Hamburg Address Helmut-Schmidt-University Department of Electrical Engineering Signal Processing and Communications P.O. [&hellip;]<\/p>\n","protected":false},"author":121,"featured_media":0,"parent":550,"menu_order":0,"comment_status":"closed","ping_status":"closed","template":"","meta":{"footnotes":""},"categories":[7],"tags":[],"class_list":["post-1015","page","type-page","status-publish","hentry","category-research"],"_links":{"self":[{"href":"https:\/\/www.hsu-hh.de\/ant\/wp-json\/wp\/v2\/pages\/1015","targetHints":{"allow":["GET"]}}],"collection":[{"href":"https:\/\/www.hsu-hh.de\/ant\/wp-json\/wp\/v2\/pages"}],"about":[{"href":"https:\/\/www.hsu-hh.de\/ant\/wp-json\/wp\/v2\/types\/page"}],"author":[{"embeddable":true,"href":"https:\/\/www.hsu-hh.de\/ant\/wp-json\/wp\/v2\/users\/121"}],"replies":[{"embeddable":true,"href":"https:\/\/www.hsu-hh.de\/ant\/wp-json\/wp\/v2\/comments?post=1015"}],"version-history":[{"count":62,"href":"https:\/\/www.hsu-hh.de\/ant\/wp-json\/wp\/v2\/pages\/1015\/revisions"}],"predecessor-version":[{"id":2521,"href":"https:\/\/www.hsu-hh.de\/ant\/wp-json\/wp\/v2\/pages\/1015\/revisions\/2521"}],"up":[{"embeddable":true,"href":"https:\/\/www.hsu-hh.de\/ant\/wp-json\/wp\/v2\/pages\/550"}],"wp:attachment":[{"href":"https:\/\/www.hsu-hh.de\/ant\/wp-json\/wp\/v2\/media?parent=1015"}],"wp:term":[{"taxonomy":"category","embeddable":true,"href":"https:\/\/www.hsu-hh.de\/ant\/wp-json\/wp\/v2\/categories?post=1015"},{"taxonomy":"post_tag","embeddable":true,"href":"https:\/\/www.hsu-hh.de\/ant\/wp-json\/wp\/v2\/tags?post=1015"}],"curies":[{"name":"wp","href":"https:\/\/api.w.org\/{rel}","templated":true}]}}